{"id":1773,"date":"2014-11-12T20:34:15","date_gmt":"2014-11-12T20:34:15","guid":{"rendered":"http:\/\/www.keppemotor.com\/institucional\/?page_id=1773"},"modified":"2021-07-20T22:17:17","modified_gmt":"2021-07-20T22:17:17","slug":"o-keppe-motor-e-nikola-tesla","status":"publish","type":"page","link":"https:\/\/www.keppemotor.com\/institucional\/o-keppe-motor-e-nikola-tesla\/","title":{"rendered":"O Keppe Motor e Nikola Tesla"},"content":{"rendered":"<h5 class=\"ecxMsoNormal\" style=\"text-align: justify;\">Em 1888, Nikola Tesla entregava ao mundo o primeiro motor de indu\u00e7\u00e3o movido por corrente alternada. Este motor constituiria mais tarde a pe\u00e7a fundamental para movimentar m\u00e1quinas e desenvolver a ind\u00fastria de todo o mundo at\u00e9 os dias de hoje. Al\u00e9m de grande inventor, Tesla era um vision\u00e1rio e humanista, e sempre vislumbrou um mundo com energia abundante e gratuita para todos. De suas pesquisas veio o termo \u201cEnergia Livre\u201d, que denomina a energia existente no espa\u00e7o, limpa e abundante para usufruto e desenvolvimento da humanidade.<\/h5>\n<h5 class=\"ecxMsoNormal\" style=\"text-align: justify;\">Uma de suas mais ambiciosas inven\u00e7\u00f5es, um sistema de transmiss\u00e3o de energia el\u00e9trica sem fios, chegou mesmo a ser implementado j\u00e1 na primeira d\u00e9cada do s\u00e9culo XX. Tesla tinha seu laborat\u00f3rio situado em um grande plat\u00f4 a dois mil metros de altitude na regi\u00e3o de Colorado Springs, no estado americano de Colorado, que \u00e9 bem conhecido por suas fortes tempestades com exuberantes descargas el\u00e9tricas. Foi a\u00ed que Tesla observou pela primeira vez que os sinais el\u00e9tricos das tempestades imprimiam em seus instrumentos sinais peri\u00f3dicos que atingiam um m\u00e1ximo e depois ca\u00edam a zero, sempre em intensidades iguais e intervalos regulares, \u00e0 medida que se afastavam do ponto de observa\u00e7\u00e3o. Tesla concluiu ent\u00e3o que o planeta Terra era um grande condutor de dimens\u00f5es limitadas, que pulsava com padr\u00e3o de ondas estacion\u00e1rio, ou seja, ressonante. Desta observa\u00e7\u00e3o veio a id\u00e9ia de utilizar a Terra como um grande oscilador natural para transmitir energia el\u00e9trica em quantidades ilimitadas para qualquer ponto do globo. Em outras palavras este circuito de transmiss\u00e3o era semelhante a um p\u00eandulo gigante que recebe pequenos pulsos de excita\u00e7\u00e3o para desenvolver movimento de alta amplitude e transportar a energia acumulada \u00e0 dist\u00e2ncia, sem perdas. Este famoso projeto ficou conhecido como \u201cTorre de Wardenclyff\u201d que come\u00e7ou a ser constru\u00edda logo p\u00f3s a virada do s\u00e9culo em Long Island, estado de Nova York.<\/h5>\n<h5 class=\"ecxMsoNormal\" style=\"text-align: justify;\">Segundo Tesla, 10 torres destas bem posicionadas em todo o planeta seriam suficientes para captar energia livre existente na terra e no espa\u00e7o e retransmiti-la para qualquer outro ponto do globo e fazer funcionar os mais diversos tipos de aparelhos el\u00e9tricos, e tudo isso sem fios! Seria como se a Terra inteira se tornasse uma grande tomada el\u00e9trica, bastando apenas colocar a tomada do aparelho na terra para que funcionasse. S\u00e3o bem conhecidos seus experimentos em que ele energizava uma determinada \u00e1rea e colocava l\u00e2mpadas no ch\u00e3o e elas acendiam.<\/h5>\n<h5 class=\"ecxMsoNormal\" style=\"text-align: justify;\">Toda tecnologia de energia livre de Tesla era quase m\u00e1gica e seus detalhes nunca ficaram bem conhecidos. Em 1914, a Torre de Wardenclyffe foi desativada e desmontada sob supervis\u00e3o do FBI ap\u00f3s corte de verbas do seu financiador, o banqueiro J.P. Morgan, que preferia cobrar energia do consumidor ao inv\u00e9s de oferecer energia gratuita!<\/h5>\n<h5 class=\"ecxMsoNormal\" style=\"text-align: justify;\">Tesla era t\u00e3o convicto de sua ci\u00eancia que chegou a criticar Albert Einstein e sua famosa equa\u00e7\u00e3o E=mc<sup>2<\/sup> por pretender ter demonstrado que a energia teria sua origem na mat\u00e9ria. Tesla alegava que a teoria da relatividade aprisionaria o ser humano em uma filosofia tecnol\u00f3gica materialista que o levaria a desenvolver m\u00e9todos de extra\u00e7\u00e3o de energia que acabariam por destruir a natureza e extinguir os recursos naturais.<\/h5>\n<h5 class=\"ecxMsoNormal\" style=\"text-align: justify;\">Tesla n\u00e3o estava errado pois, quando pensamos em energia,\u00a0 estamos condicionados a pensar apenas em elementos materiais de onde possamos extra\u00ed-la. Independente do estado da mat\u00e9ria, ou seja, s\u00f3lido (carv\u00e3o, xisto, ur\u00e2nio etc.), l\u00edquido (gasolina, querosene, \u00e1lcool, etc.) ou gasoso (g\u00e1s natural, hidrog\u00eanio, etc.), o pensamento humano se desenvolveu sempre acreditando que a energia vem da mat\u00e9ria.<\/h5>\n<h5 class=\"ecxMsoNormal\" style=\"text-align: justify;\">As teorias materialistas de Einstein foram muito convenientes para aqueles que preferiam controlar os bens materiais e impedir que o mundo tivesse acesso \u00e0 energia limpa, infinita e gratuita. Por causa disto houve enorme interesse no desenvolvimento da energia nuclear para gera\u00e7\u00e3o de energia el\u00e9trica. As conseq\u00fc\u00eancias disso, ap\u00f3s os desastres de Chernobyl (1986) e Fukushima (2011) s\u00e3o suficientes para demonstrar que este n\u00e3o foi o melhor caminho e que constituem uma constante amea\u00e7a \u00e0 vida na Terra porque \u00e9 imposs\u00edvel prever quando um cataclismo ocorrer\u00e1 e onde.<\/h5>\n<h5 class=\"ecxMsoNormal\" style=\"text-align: justify;\">Infelizmente, o que sabemos de Tesla hoje ainda \u00e9 muito vago e muitas vezes impregnado de m\u00edstica e maculado por intrigas para destruir sua imagem. Esta \u00e9 uma forma astuta que os poderes mal intencionados do mundo encontram para desacredit\u00e1-lo e impedir que mais cientistas sigam seus passos e desenvolvam inven\u00e7\u00f5es que beneficiem a humanidade como um todo.<\/h5>\n<h5 class=\"ecxMsoNormal\" style=\"text-align: justify;\">Tesla foi muito combatido em sua \u00e9poca por suas ambi\u00e7\u00f5es humanit\u00e1rias a ponto de uma m\u00eddia inteira de est\u00f3rias em quadrinhos ter desenvolvido campanhas difamat\u00f3rias contra ele, utilizando personagens her\u00f3icos nacionais americanos (Capit\u00e3o Am\u00e9rica, Super Homem, etc.) que lutavam para salvar o mundo de cientistas \u201cloucos\u201d (todos inspirados em Tesla) que queriam dominar e destruir o mundo.<\/h5>\n<h5 class=\"ecxMsoNormal\" style=\"text-align: justify;\">Entretanto, ficou claro com o passar do tempo que as mais de 700 patentes deixadas por Tesla, fizeram muito mais para beneficiar o mundo do que destru\u00ed-lo.<\/h5>\n<h5 class=\"ecxMsoNormal\" style=\"text-align: justify;\"><\/h5>\n<h5 class=\"ecxMsoNormal\" style=\"text-align: justify;\"><b>O Keppe Motor e a retomada da Tecnologia Suprimida de Tesla:<\/b><\/h5>\n<h5 class=\"ecxMsoNormal\" style=\"text-align: justify;\">Tesla apresentou o primeiro prot\u00f3tipo funcional de um motor de indu\u00e7\u00e3o em 1888, funcionando com corrente alternada. Isso ocorreu bem antes dele desenvolver seu sistema de transmiss\u00e3o de energia \u00e0 dist\u00e2ncia sem fios e portanto faz parte de uma tecnologia ultrapassada por ele mesmo.<\/h5>\n<h5 class=\"ecxMsoNormal\" style=\"text-align: justify;\">Com este motor Tesla tamb\u00e9m conseguiu mostrar que se poderia transmitir energia de forma alternada de modo mais eficiente do que de modo cont\u00ednuo, como acreditava seu grande opositor, o cientista e tamb\u00e9m inventor Thomas A. Edison. Esta disputa ficou conhecida na \u00e9poca como \u201cA Batalha das Correntes\u201d, tendo sido finalmente vencida por Tesla. Contudo, nesta \u00e9poca n\u00e3o havia crise de energia e seu sistema de corrente alternada veio para ficar e assegurar o desenvolvimento da ind\u00fastria.<\/h5>\n<h5 class=\"ecxMsoNormal\" style=\"text-align: justify;\">Como fica claro, o motor de indu\u00e7\u00e3o de Tesla utiliza uma energia advinda de uma usina de for\u00e7a, hidroel\u00e9trica ou similar. Esta limita\u00e7\u00e3o faz com que sempre se precise de fios para transmitir a energia da usina para o motor, porque seu princ\u00edpio de funcionamento segue as leis de Newton de a\u00e7\u00e3o e rea\u00e7\u00e3o. Em outras palavras, o movimento do motor \u00e9 uma rea\u00e7\u00e3o \u00e0 for\u00e7a de a\u00e7\u00e3o da rede el\u00e9trica. E assim funcionam todos os demais motores el\u00e9tricos, sejam de corrente cont\u00ednua ou alternada.<\/h5>\n<h5 class=\"ecxMsoNormal\" style=\"text-align: justify;\">Para a cria\u00e7\u00e3o e desenvolvimento do Keppe Motor, o cientista e fil\u00f3sofo Austro-brasileiro Norberto R. Keppe teve que pesquisar e desinverter a metaf\u00edsica de Arist\u00f3teles para corrigir os enganos de Isaac Newton e suas leis da din\u00e2mica.<\/h5>\n<h5 class=\"ecxMsoNormal\" style=\"text-align: justify;\">A metaf\u00edsica de Arist\u00f3teles \u00e9 a ci\u00eancia primeira que deu origem \u00e0 nossa ci\u00eancia de hoje, \u00e0 f\u00edsica, biologia, psicologia, etc. Toda a ci\u00eancia e inclusive seu m\u00e9todo cient\u00edfico tem suas bases nos estudos da metaf\u00edsica de Arist\u00f3teles, de forma que, se algo for corrigido na metaf\u00edsica aristot\u00e9lica, ter\u00e1 repercuss\u00f5es estarrecedoras na ci\u00eancia de hoje.<\/h5>\n<h5 class=\"ecxMsoNormal\" style=\"text-align: justify;\">Para Keppe, Arist\u00f3teles cometeu uma invers\u00e3o fundamental ao dizer que a mat\u00e9ria seria o elemento potencial da forma. Em linguagem da f\u00edsica seria o mesmo que dizer que a mat\u00e9ria \u00e9 o aspecto potencial da energia. Por esta raz\u00e3o, a f\u00edsica formula a din\u00e2mica dos corpos atrav\u00e9s da diferen\u00e7a de potenciais, sendo o potencial associado a um elemento material. Deste pensamento adv\u00e9m a id\u00e9ia e que a energia vem da mat\u00e9ria sendo associada ao movimento externo dos corpos, part\u00edculas ou subpart\u00edculas.<\/h5>\n<h5 class=\"ecxMsoNormal\" style=\"text-align: justify;\">Ao corrigir esta id\u00e9ia, Keppe esclarece que o pr\u00f3prio potencial \u00e9 pura energia. Assim, a energia n\u00e3o est\u00e1 associada ao movimento externo dos corpos mas \u00e0 vibra\u00e7\u00e3o interna da energia, num n\u00edvel mais fundamental do que as pr\u00f3prias part\u00edculas. Em outras palavras, para Keppe, a mat\u00e9ria \u00e9 formada e mantida no espa\u00e7o e no tempo pela resson\u00e2ncia da \u201cEnergia Essencial\u201d, que tem sua origem em uma dimens\u00e3o transcendente, ou seja, fora do tempo e do espa\u00e7o.<\/h5>\n<h5 class=\"ecxMsoNormal\" style=\"text-align: justify;\">Assim, toda fenomenologia n\u00e3o bem compreendida pela ci\u00eancia atual que seque o paradigma materialista, especialmente os fen\u00f4menos extrasensoriais, teria sua explica\u00e7\u00e3o nas leis que governam a din\u00e2mica da Energia Essencial.<\/h5>\n<h5 class=\"ecxMsoNormal\" style=\"text-align: justify;\">Sendo assim, para Keppe, a lei fundamental que rege a atua\u00e7\u00e3o da Energia Essencial no mundo f\u00edsico \u00e9 a resson\u00e2ncia. Um motor que pretenda captar a Energia Essencial do espa\u00e7o ter\u00e1 que trabalhar por resson\u00e2ncia, uma condi\u00e7\u00e3o que o princ\u00edpio de funcionamento dos motores convencionais associados a baterias ou \u00e0 frequ\u00eancia da rede n\u00e3o permite. Por esta raz\u00e3o, a maioria desses motores tem efici\u00eancia que deixa muito a desejar, especialmente os de baixa pot\u00eancia.<\/h5>\n<h5 class=\"ecxMsoNormal\" style=\"text-align: justify;\">Carlos Cesar So\u00f3s, Roberto Heitor Frascari e Alexandre Frascari, sob a orienta\u00e7\u00e3o de Norberto Keppe aplicaram as descobertas de Keppe expostas em seu livro \u201cA Nova F\u00edsica da Metaf\u00edsica Desinvertida\u201d. Para captar energia do espa\u00e7o, Norberto Keppe teve a id\u00e9ia de criar um motor, que funcionasse ao mesmo tempo como motor e gerador, fazendo-o entrar em resson\u00e2ncia com pulsos peri\u00f3dicos de energia que alimentam e excitam as bobinas. Este per\u00edodo \u00e9 auto-regulado pelo pr\u00f3prio motor, e a alimenta\u00e7\u00e3o pode vir da rede ou de baterias. Deste modo, as bobinas passam a funcionar como um p\u00eandulo excitado que atinge seu m\u00e1ximo de amplitude de oscila\u00e7\u00e3o com pequenos pulsos de energia, constituindo um sistema praticamente independente da rede.<\/h5>\n<h5 class=\"ecxMsoNormal\" style=\"text-align: justify;\">Al\u00e9m disso, as interrup\u00e7\u00f5es auto-ressonantes da alimenta\u00e7\u00e3o das bobinas fornecem picos de voltagem muito maiores do que a tens\u00e3o de alimenta\u00e7\u00e3o e que s\u00e3o convenientemente reaproveitados pelo motor. O fato do Keppe Motor ter um ou mais \u00edm\u00e3s permanentes no rotor n\u00e3o \u00e9 ao acaso, pois seu rotor magn\u00e9tico constitui um gerador que devolve energia para as bobinas em modo ressonante de forma a se obter um fluxo m\u00ednimo de corrente para uma determinada carga aplicada no eixo. Esse mecanismo de capta\u00e7\u00e3o de sobre-voltagem e reaproveitamento da pr\u00f3pria energia gerada recebe o nome de STEM (Sistema Turbo-Eletromagn\u00e9tico). Como conseq\u00fc\u00eancia, obt\u00e9m-se um aumento sem igual da efici\u00eancia do motor, podendo inclusive ultrapassar a barreira dos 100% e eventualmente tornar-se um gerador auto-sustent\u00e1vel.<\/h5>\n<h5 class=\"ecxMsoNormal\" style=\"text-align: justify;\">Notamos aqui uma semelhan\u00e7a muito grande com a tecnologia desenvolvida por Tesla em sua fase mais tardia, pois as efici\u00eancias comprovadas acima de 100% do Keppe Motor revelam uma capta\u00e7\u00e3o de energia de fora do sistema, funcionando como um transdutor de energia livre existente no espa\u00e7o, exatamente como Tesla pretendia ao projetar seu sistema de transmiss\u00e3o de energia sem fios usando a resson\u00e2ncia natural da Terra.<\/h5>\n<h5 class=\"ecxMsoNormal\" style=\"text-align: justify;\">Atualmente, o Keppe Motor est\u00e1 desenvolvido em n\u00edvel de prot\u00f3tipos para pot\u00eancias de at\u00e9 1\/2 CV, podendo prontamente substituir in\u00fameros tipos de motores. Em princ\u00edpio, n\u00e3o h\u00e1 restri\u00e7\u00f5es te\u00f3ricas para o desenvolvimento do Keppe Motor em maiores pot\u00eancias, por isso v\u00e1rios especialistas no ramo falam em <i>substitui\u00e7\u00e3o tecnol\u00f3gica<\/i>, pois trata-se de um motor mais simples, barato, pequeno, leve, frio, potente e eficiente que os convencionais, viabilizando uma alimenta\u00e7\u00e3o monof\u00e1sica para trabalhos que somente uma rede trif\u00e1sica poderia suportar.<\/h5>\n<h5 class=\"ecxMsoNormal\" style=\"text-align: justify;\">Desta forma a tecnologia do Keppe Motor vem fazer justi\u00e7a a Nikola Tesla e restaurar as esperan\u00e7as em uma tecnologia que propicie energia em abund\u00e2ncia para a humanidade e desenvolvimento sustent\u00e1vel em harmonia com a natureza, sem destruir nossas reservas naturais.<\/h5>\n<h5 class=\"ecxMsoNormal\" style=\"text-align: justify;\">A patente do Keppe Motor foi cedida \u00e0 Associa\u00e7\u00e3o <i>STOP a Destrui\u00e7\u00e3o do Mundo<\/i> com o intento de garantir que esta tecnologia chegue ao p\u00fablico de forma inalterada e integral.<\/h5>\n","protected":false},"excerpt":{"rendered":"<p>Em 1888, Nikola Tesla entregava ao mundo o primeiro motor de indu\u00e7\u00e3o movido por corrente alternada. Este motor constituiria mais tarde a pe\u00e7a fundamental para movimentar m\u00e1quinas e desenvolver a ind\u00fastria de todo o mundo at\u00e9 os dias de hoje. Al\u00e9m de grande inventor, Tesla era um vision\u00e1rio e humanista, e sempre vislumbrou um mundo [&hellip;]<\/p>\n","protected":false},"author":2,"featured_media":0,"parent":0,"menu_order":0,"comment_status":"0","ping_status":"open","template":"","meta":{"_exactmetrics_skip_tracking":false,"_exactmetrics_sitenote_active":false,"_exactmetrics_sitenote_note":"","_exactmetrics_sitenote_category":0,"footnotes":""},"class_list":["post-1773","page","type-page","status-publish","hentry"],"yoast_head":"<!-- This site is optimized with the Yoast SEO plugin v27.4 - https:\/\/yoast.com\/product\/yoast-seo-wordpress\/ -->\n<title>O Keppe Motor e Nikola Tesla - Keppe Motor - Tecnologia para um Novo Mundo<\/title>\n<meta name=\"robots\" content=\"index, follow, max-snippet:-1, max-image-preview:large, max-video-preview:-1\" \/>\n<link rel=\"canonical\" href=\"https:\/\/www.keppemotor.com\/institucional\/o-keppe-motor-e-nikola-tesla\/\" \/>\n<meta property=\"og:locale\" content=\"pt_BR\" \/>\n<meta property=\"og:type\" content=\"article\" \/>\n<meta property=\"og:title\" content=\"O Keppe Motor e Nikola Tesla - Keppe Motor - Tecnologia para um Novo Mundo\" \/>\n<meta property=\"og:description\" content=\"Em 1888, Nikola Tesla entregava ao mundo o primeiro motor de indu\u00e7\u00e3o movido por corrente alternada. Este motor constituiria mais tarde a pe\u00e7a fundamental para movimentar m\u00e1quinas e desenvolver a ind\u00fastria de todo o mundo at\u00e9 os dias de hoje. Al\u00e9m de grande inventor, Tesla era um vision\u00e1rio e humanista, e sempre vislumbrou um mundo [&hellip;]\" \/>\n<meta property=\"og:url\" content=\"https:\/\/www.keppemotor.com\/institucional\/o-keppe-motor-e-nikola-tesla\/\" \/>\n<meta property=\"og:site_name\" content=\"Keppe Motor - Tecnologia para um Novo Mundo\" \/>\n<meta property=\"article:modified_time\" content=\"2021-07-20T22:17:17+00:00\" \/>\n<meta name=\"twitter:label1\" content=\"Est. tempo de leitura\" \/>\n\t<meta name=\"twitter:data1\" content=\"10 minutos\" \/>\n<script type=\"application\/ld+json\" class=\"yoast-schema-graph\">{\"@context\":\"https:\\\/\\\/schema.org\",\"@graph\":[{\"@type\":\"WebPage\",\"@id\":\"https:\\\/\\\/www.keppemotor.com\\\/institucional\\\/o-keppe-motor-e-nikola-tesla\\\/\",\"url\":\"https:\\\/\\\/www.keppemotor.com\\\/institucional\\\/o-keppe-motor-e-nikola-tesla\\\/\",\"name\":\"O Keppe Motor e Nikola Tesla - Keppe Motor - Tecnologia para um Novo Mundo\",\"isPartOf\":{\"@id\":\"https:\\\/\\\/www.keppemotor.com\\\/institucional\\\/#website\"},\"datePublished\":\"2014-11-12T20:34:15+00:00\",\"dateModified\":\"2021-07-20T22:17:17+00:00\",\"breadcrumb\":{\"@id\":\"https:\\\/\\\/www.keppemotor.com\\\/institucional\\\/o-keppe-motor-e-nikola-tesla\\\/#breadcrumb\"},\"inLanguage\":\"pt-BR\",\"potentialAction\":[{\"@type\":\"ReadAction\",\"target\":[\"https:\\\/\\\/www.keppemotor.com\\\/institucional\\\/o-keppe-motor-e-nikola-tesla\\\/\"]}]},{\"@type\":\"BreadcrumbList\",\"@id\":\"https:\\\/\\\/www.keppemotor.com\\\/institucional\\\/o-keppe-motor-e-nikola-tesla\\\/#breadcrumb\",\"itemListElement\":[{\"@type\":\"ListItem\",\"position\":1,\"name\":\"In\u00edcio\",\"item\":\"https:\\\/\\\/www.keppemotor.com\\\/institucional\\\/\"},{\"@type\":\"ListItem\",\"position\":2,\"name\":\"O Keppe Motor e Nikola Tesla\"}]},{\"@type\":\"WebSite\",\"@id\":\"https:\\\/\\\/www.keppemotor.com\\\/institucional\\\/#website\",\"url\":\"https:\\\/\\\/www.keppemotor.com\\\/institucional\\\/\",\"name\":\"Keppe Motor - Tecnologia para um Novo Mundo\",\"description\":\"\",\"publisher\":{\"@id\":\"https:\\\/\\\/www.keppemotor.com\\\/institucional\\\/#organization\"},\"potentialAction\":[{\"@type\":\"SearchAction\",\"target\":{\"@type\":\"EntryPoint\",\"urlTemplate\":\"https:\\\/\\\/www.keppemotor.com\\\/institucional\\\/?s={search_term_string}\"},\"query-input\":{\"@type\":\"PropertyValueSpecification\",\"valueRequired\":true,\"valueName\":\"search_term_string\"}}],\"inLanguage\":\"pt-BR\"},{\"@type\":\"Organization\",\"@id\":\"https:\\\/\\\/www.keppemotor.com\\\/institucional\\\/#organization\",\"name\":\"Keppe Motor - Tecnologia para um Novo Mundo\",\"url\":\"https:\\\/\\\/www.keppemotor.com\\\/institucional\\\/\",\"logo\":{\"@type\":\"ImageObject\",\"inLanguage\":\"pt-BR\",\"@id\":\"https:\\\/\\\/www.keppemotor.com\\\/institucional\\\/#\\\/schema\\\/logo\\\/image\\\/\",\"url\":\"https:\\\/\\\/www.keppemotor.com\\\/institucional\\\/wp-content\\\/uploads\\\/2014\\\/11\\\/cropped-keppemotor-logo-header-5.png\",\"contentUrl\":\"https:\\\/\\\/www.keppemotor.com\\\/institucional\\\/wp-content\\\/uploads\\\/2014\\\/11\\\/cropped-keppemotor-logo-header-5.png\",\"width\":300,\"height\":101,\"caption\":\"Keppe Motor - Tecnologia para um Novo Mundo\"},\"image\":{\"@id\":\"https:\\\/\\\/www.keppemotor.com\\\/institucional\\\/#\\\/schema\\\/logo\\\/image\\\/\"}}]}<\/script>\n<!-- \/ Yoast SEO plugin. -->","yoast_head_json":{"title":"O Keppe Motor e Nikola Tesla - Keppe Motor - Tecnologia para um Novo Mundo","robots":{"index":"index","follow":"follow","max-snippet":"max-snippet:-1","max-image-preview":"max-image-preview:large","max-video-preview":"max-video-preview:-1"},"canonical":"https:\/\/www.keppemotor.com\/institucional\/o-keppe-motor-e-nikola-tesla\/","og_locale":"pt_BR","og_type":"article","og_title":"O Keppe Motor e Nikola Tesla - Keppe Motor - Tecnologia para um Novo Mundo","og_description":"Em 1888, Nikola Tesla entregava ao mundo o primeiro motor de indu\u00e7\u00e3o movido por corrente alternada. Este motor constituiria mais tarde a pe\u00e7a fundamental para movimentar m\u00e1quinas e desenvolver a ind\u00fastria de todo o mundo at\u00e9 os dias de hoje. Al\u00e9m de grande inventor, Tesla era um vision\u00e1rio e humanista, e sempre vislumbrou um mundo [&hellip;]","og_url":"https:\/\/www.keppemotor.com\/institucional\/o-keppe-motor-e-nikola-tesla\/","og_site_name":"Keppe Motor - Tecnologia para um Novo Mundo","article_modified_time":"2021-07-20T22:17:17+00:00","twitter_misc":{"Est. tempo de leitura":"10 minutos"},"schema":{"@context":"https:\/\/schema.org","@graph":[{"@type":"WebPage","@id":"https:\/\/www.keppemotor.com\/institucional\/o-keppe-motor-e-nikola-tesla\/","url":"https:\/\/www.keppemotor.com\/institucional\/o-keppe-motor-e-nikola-tesla\/","name":"O Keppe Motor e Nikola Tesla - Keppe Motor - Tecnologia para um Novo Mundo","isPartOf":{"@id":"https:\/\/www.keppemotor.com\/institucional\/#website"},"datePublished":"2014-11-12T20:34:15+00:00","dateModified":"2021-07-20T22:17:17+00:00","breadcrumb":{"@id":"https:\/\/www.keppemotor.com\/institucional\/o-keppe-motor-e-nikola-tesla\/#breadcrumb"},"inLanguage":"pt-BR","potentialAction":[{"@type":"ReadAction","target":["https:\/\/www.keppemotor.com\/institucional\/o-keppe-motor-e-nikola-tesla\/"]}]},{"@type":"BreadcrumbList","@id":"https:\/\/www.keppemotor.com\/institucional\/o-keppe-motor-e-nikola-tesla\/#breadcrumb","itemListElement":[{"@type":"ListItem","position":1,"name":"In\u00edcio","item":"https:\/\/www.keppemotor.com\/institucional\/"},{"@type":"ListItem","position":2,"name":"O Keppe Motor e Nikola Tesla"}]},{"@type":"WebSite","@id":"https:\/\/www.keppemotor.com\/institucional\/#website","url":"https:\/\/www.keppemotor.com\/institucional\/","name":"Keppe Motor - Tecnologia para um Novo Mundo","description":"","publisher":{"@id":"https:\/\/www.keppemotor.com\/institucional\/#organization"},"potentialAction":[{"@type":"SearchAction","target":{"@type":"EntryPoint","urlTemplate":"https:\/\/www.keppemotor.com\/institucional\/?s={search_term_string}"},"query-input":{"@type":"PropertyValueSpecification","valueRequired":true,"valueName":"search_term_string"}}],"inLanguage":"pt-BR"},{"@type":"Organization","@id":"https:\/\/www.keppemotor.com\/institucional\/#organization","name":"Keppe Motor - Tecnologia para um Novo Mundo","url":"https:\/\/www.keppemotor.com\/institucional\/","logo":{"@type":"ImageObject","inLanguage":"pt-BR","@id":"https:\/\/www.keppemotor.com\/institucional\/#\/schema\/logo\/image\/","url":"https:\/\/www.keppemotor.com\/institucional\/wp-content\/uploads\/2014\/11\/cropped-keppemotor-logo-header-5.png","contentUrl":"https:\/\/www.keppemotor.com\/institucional\/wp-content\/uploads\/2014\/11\/cropped-keppemotor-logo-header-5.png","width":300,"height":101,"caption":"Keppe Motor - Tecnologia para um Novo Mundo"},"image":{"@id":"https:\/\/www.keppemotor.com\/institucional\/#\/schema\/logo\/image\/"}}]}},"_links":{"self":[{"href":"https:\/\/www.keppemotor.com\/institucional\/wp-json\/wp\/v2\/pages\/1773","targetHints":{"allow":["GET"]}}],"collection":[{"href":"https:\/\/www.keppemotor.com\/institucional\/wp-json\/wp\/v2\/pages"}],"about":[{"href":"https:\/\/www.keppemotor.com\/institucional\/wp-json\/wp\/v2\/types\/page"}],"author":[{"embeddable":true,"href":"https:\/\/www.keppemotor.com\/institucional\/wp-json\/wp\/v2\/users\/2"}],"replies":[{"embeddable":true,"href":"https:\/\/www.keppemotor.com\/institucional\/wp-json\/wp\/v2\/comments?post=1773"}],"version-history":[{"count":0,"href":"https:\/\/www.keppemotor.com\/institucional\/wp-json\/wp\/v2\/pages\/1773\/revisions"}],"wp:attachment":[{"href":"https:\/\/www.keppemotor.com\/institucional\/wp-json\/wp\/v2\/media?parent=1773"}],"curies":[{"name":"wp","href":"https:\/\/api.w.org\/{rel}","templated":true}]}}