{"id":8395,"date":"2025-07-21T14:18:36","date_gmt":"2025-07-21T14:18:36","guid":{"rendered":"https:\/\/www.keppemotor.com\/institucional\/?page_id=8395"},"modified":"2025-08-04T14:44:13","modified_gmt":"2025-08-04T14:44:13","slug":"vantagens-do-keppe-notor","status":"publish","type":"page","link":"https:\/\/www.keppemotor.com\/institucional\/vantagens-do-keppe-notor\/","title":{"rendered":"Vantagens do KEPPEMOTOR"},"content":{"rendered":"\t\t<div data-elementor-type=\"wp-page\" data-elementor-id=\"8395\" class=\"elementor elementor-8395\" data-elementor-post-type=\"page\">\n\t\t\t\t<div class=\"elementor-element elementor-element-9422455 e-flex e-con-boxed e-con e-parent\" data-id=\"9422455\" data-element_type=\"container\" data-e-type=\"container\">\n\t\t\t\t\t<div class=\"e-con-inner\">\n\t\t\t\t<div class=\"elementor-element elementor-element-6d8a464 elementor-widget elementor-widget-spacer\" data-id=\"6d8a464\" data-element_type=\"widget\" data-e-type=\"widget\" data-widget_type=\"spacer.default\">\n\t\t\t\t<div class=\"elementor-widget-container\">\n\t\t\t\t\t\t\t<div class=\"elementor-spacer\">\n\t\t\t<div class=\"elementor-spacer-inner\"><\/div>\n\t\t<\/div>\n\t\t\t\t\t\t<\/div>\n\t\t\t\t<\/div>\n\t\t\t\t<div class=\"elementor-element elementor-element-946a047 elementor-widget elementor-widget-heading\" data-id=\"946a047\" data-element_type=\"widget\" data-e-type=\"widget\" data-widget_type=\"heading.default\">\n\t\t\t\t<div class=\"elementor-widget-container\">\n\t\t\t\t\t<h1 class=\"elementor-heading-title elementor-size-default\">Vantagens do KEPPEMOTOR<\/h1>\t\t\t\t<\/div>\n\t\t\t\t<\/div>\n\t\t\t\t<div class=\"elementor-element elementor-element-6ee204ad elementor-widget elementor-widget-text-editor\" data-id=\"6ee204ad\" data-element_type=\"widget\" data-e-type=\"widget\" data-widget_type=\"text-editor.default\">\n\t\t\t\t<div class=\"elementor-widget-container\">\n\t\t\t\t\t\t\t\t\t<p>\u00a0<\/p><p><b>Para a ind\u00fastria:\u00a0<\/b>Significa um \u201cupgrade\u201d tecnol\u00f3gico em linhas inteiras de produtos, al\u00e9m de viabilizar solu\u00e7\u00f5es at\u00e9 ent\u00e3o impossibilitadas pelas limita\u00e7\u00f5es das tecnologias motrizes vigentes.<\/p><p><b>Para as distribuidoras de energia:\u00a0<\/b>O Brasil perde mais de 15% da energia transmitida desde as usinas geradoras at\u00e9 os consumidores. Este valor \u00e9 extremamente alto em rela\u00e7\u00e3o a pa\u00edses do primeiro mundo, como a Su\u00ed\u00e7a, que a perde menos de 3%. Portanto, a redu\u00e7\u00e3o de consumo energ\u00e9tico trazida pela ado\u00e7\u00e3o do Keppe Motor reduziria essa perda, o que seria de enorme valia para as distribuidoras, que poderiam usar tais recursos economizados para atender mais consumidores sem necessidade de investimentos em novas linhas de transmiss\u00e3o. Al\u00e9m disso, qualquer a\u00e7\u00e3o que reduza o consumo de energia traz o benef\u00edcio imediato de um maior prazo de investimentos no atendimento das necessidades dos consumidores. Isso significa que a mesma estrutura de transmiss\u00e3o de energia el\u00e9trica pode atender uma quantidade maior de usu\u00e1rios;<\/p><p><b>Para as entidades educacionais e profissionais:\u00a0<\/b>Capacitar pesquisadores no desenvolvimento de produtos focados em efici\u00eancia energ\u00e9tica, bem como abrir novas linhas de pesquisa e estudos aprofundados sobre a tecnologia de motores ressonantes, incluindo o desenvolvimento de modelagens matem\u00e1ticas, novas aplica\u00e7\u00f5es e desenvolvimento do princ\u00edpio de funcionamento do Keppe Motor para aplica\u00e7\u00e3o em outras \u00e1reas<\/p><p><b>Para o consumidor final:\u00a0<\/b>A viabiliza\u00e7\u00e3o do uso de eletrodom\u00e9sticos com a tecnologia Keppe Motor, alimentados pela rede el\u00e9trica ou fontes alternativas de energia \u2013 Pain\u00e9is Fotovoltaicos, E\u00f3lica, Biomassa \u2013 reduzindo drasticamente as contas de energia.<\/p><p><b>Para o pa\u00eds:\u00a0<\/b> Ter produtos com uma tecnologia inovadora de concep\u00e7\u00e3o nacional, capacitando a ind\u00fastria interna a competir no mercado mundial e aumentando o desenvolvimento tecnol\u00f3gico nacional com gera\u00e7\u00e3o de empregos mais qualificados.<\/p><p><b>Mesmo motor serve para uma faixa mais ampla de produtos:<\/b>\u00a0A faixa de opera\u00e7\u00e3o cont\u00ednua de um Keppe Motor \u00e9 mais extensa do que a dos motores convencionais equivalentes, o que significa que seu uso pode ser ampliado para atender a uma gama maior de aplica\u00e7\u00f5es. Assim, por exemplo, um prot\u00f3tipo de laborat\u00f3rio de um Keppe Motor monof\u00e1sico de 1\/2 HP manteve a alta efici\u00eancia em torno de 90%, desde 1W at\u00e9 400W (pot\u00eancia \u00fatil). Isso significa que o motor pode ser usado em qualquer ponto desta curva de pot\u00eancia porque sempre entregar\u00e1 a alta efici\u00eancia desejada.<\/p><p><b>Grande Versatilidade:<\/b>\u00a0O Keppe Motor pode substituir motores convencionais de tipos diferentes porque a tecnologia ressonante de motores transita entre os motores AC e DC, podendo substitu\u00ed-los em suas aplica\u00e7\u00f5es. Em outras palavras, um Keppe Motor funciona bem com uso de baterias, t\u00edpico de motores DC, e na rede el\u00e9trica, t\u00edpico dos motores AC.<\/p><p><b>Melhor Pot\u00eancia Espec\u00edfica:<\/b>\u00a0A melhor efici\u00eancia somada ao menor volume garantem um Keppe Motor mais leve, menor e mais potente que viabilizaria novos produtos alimentados por sistemas aut\u00f4nomos, como por exemplo, aparadores de grama para pra\u00e7as p\u00fablicas, jardins e ao longo de rodovias, bem como aumentaria a autonomia de produtos j\u00e1 existentes, como drones.<\/p><p><b>F\u00e1cil regulagem de velocidade:<\/b>\u00a0Os inversores utilizados para varia\u00e7\u00e3o de velocidade em motores AC convencionais t\u00eam perda que podem chegar at\u00e9 25%, afetando sensivelmente a efici\u00eancia global do sistema motor-fonte de alimenta\u00e7\u00e3o. Neste sentido, o Keppe Motor, \u00e0 semelhan\u00e7a de um BLDC, varia sua velocidade com o simples uso de um m\u00f3dulo pwm, dispon\u00edvel no microcontrolador de seu circuito de controle, o que garante a efici\u00eancia em v\u00e1rias combina\u00e7\u00f5es de velocidade e torque exigidos pela carga.<\/p><p><b>Baixo consumo de opera\u00e7\u00e3o sem carga:<\/b>\u00a0Solu\u00e7\u00e3o de efici\u00eancia otimizada para aplica\u00e7\u00f5es de carga intermitente em que o motor n\u00e3o pode ser desligado quando a carga \u00e9 removida.<\/p><p><b>Princ\u00edpio de Resson\u00e2ncia Eletromagnetomec\u00e2nica:<\/b>\u00a0Motor concebido para funcionar de acordo com resson\u00e2ncia, que garante efici\u00eancia m\u00e1xima de um sistema oscilat\u00f3rio ou rotativo equivalente. Neste estado o sistema f\u00edsico oferece amplitude m\u00e1xima, que no motor corresponde a um maior trabalho mec\u00e2nico com m\u00ednima quantidade de energia consumida, o que corresponde a uma otimiza\u00e7\u00e3o autom\u00e1tica da sua efici\u00eancia.<\/p><p><b>Viabiliza estatores sem n\u00facleo ferromagn\u00e9tico:<\/b>\u00a0O aumento da efici\u00eancia de um Keppe Motor devido \u00e0 resson\u00e2ncia, permite que motores sem estator de material ferromagn\u00e9tico sejam viabilizados, eliminando as perdas por histerese, correntes parasitas, al\u00e9m de facilitar incrivelmente a produ\u00e7\u00e3o desses motores para in\u00fameros produtos.<\/p><p><b>Motor mais frio:<\/b>\u00a0Pode ser fabricado com materiais menos resistentes ao calor, aumentando consideravelmente a gama de pl\u00e1sticos opcionais para baratear custos de fabrica\u00e7\u00e3o.<\/p><p><b>Maior durabilidade:<\/b>\u00a0Um dos principais problemas causa falha dos motores \u00e9 a temperatura de opera\u00e7\u00e3o das bobinas. A alta efici\u00eancia do Keppe Motor faz com que o motor trabalhe a temperaturas muito pr\u00f3ximas do ambiente, o que lhe garante maior vida \u00fatil.<\/p><p><b>Pode ser encapsulado:<\/b>\u00a0Em um Keppe Motor de baixa pot\u00eancia (1\/3 HP) e alta efici\u00eancia, as perdas por calor s\u00e3o desprez\u00edveis, de forma que ele pode ser completamente encapsulado para atender a uma gama muito grande de aplica\u00e7\u00f5es onde ambientes severos com ocorr\u00eancia de material particulado em grandes quantidades, ambientes qu\u00edmicos corrosivos, maresias ou mesmo respingos de \u00e1gua ou l\u00edquidos diversos comprometam a durabilidade do motor.<\/p><p><b>Melhor op\u00e7\u00e3o para regi\u00f5es in\u00f3spitas:<\/b>\u00a0Em diversas regi\u00f5es do Brasil (e do mundo) o fornecimento de energia el\u00e9trica n\u00e3o \u00e9 constante, ocorrendo grandes varia\u00e7\u00f5es de tens\u00e3o durante o dia. Al\u00e9m disso, a pr\u00f3pria tens\u00e3o recebida da rede pode n\u00e3o atender o m\u00ednimo esperado para as caracter\u00edsticas t\u00e9cnicas de um motor convencional, com tens\u00f5es de rede em torno de 80\/ 90V. O Keppe Motor pode ser facilmente dimensionado para ter abaixador de tens\u00e3o autom\u00e1tica no seu pr\u00f3prio circuito e trabalhar mesmo abaixo destas tens\u00f5es m\u00ednimas de forma a manter sua efici\u00eancia e funcionar normalmente como se estivesse recebendo 110 ou 220V da rede.<\/p><p><b>Otimiza uso de baterias:<\/b>\u00a0Garante vida mais longa para pilhas e baterias.<\/p><p><b>Reduz custos de instala\u00e7\u00f5es fotovoltaicas:<\/b> Al\u00e9m de dispensar inversores, o Keppe Motor consome menos energia para produzir o mesmo trabalho que um motor convencional equivalente, o que significa que ele pode funcionar com pain\u00e9is solares de menor pot\u00eancia, que s\u00e3o menores e mais baratos.<\/p><p><b>Usa cabeamento mais fino:\u00a0<\/b>Maior efici\u00eancia implica em menor consumo e menor intensidade de corrente passando pelos cabos de alimenta\u00e7\u00e3o do motor.<b> <\/b>Isso gera mais economia e seguran\u00e7a, especialmente se utilizado em motores auxiliares no setor automotivo, n\u00e1utico e aeron\u00e1utico.<\/p><p><b>Velocidade n\u00e3o dependente do n\u00famero de polos:<\/b>\u00a0O n\u00famero de polos indica o torque de trabalho dispon\u00edvel e como o Keppe Motor varia a sua velocidade apenas por tens\u00e3o, motores de poucos ou v\u00e1rios polos podem igualmente funcionar a qualquer velocidade.<\/p><p><b>Funciona com diferentes materiais essenciais:<\/b>\u00a0\u00edm\u00e3s (ferrite, Neod\u00edmio, alnico, Sam\u00e1rio-Cobalto etc.) e bobinamento em Cobre, Alum\u00ednio ou misto.<\/p><p><b>In\u00fameras configura\u00e7\u00f5es poss\u00edveis:\u00a0<\/b>O Keppe Motor tem um princ\u00edpio que propicia projetos de rotores e estatores muito variados: 1) bipolares, multipolares ou matriciais, 2) com fluxo magn\u00e9tico radial, axial ou misto, 3) com bobinas em s\u00e9rie, paralelo ou mistas, 4) com bobinas simples monofilares, bifilares ou polifilares, 5) com bobina MONO ou independentes BIMONO e TRIMONO, 6) com ou sem estator ferromagn\u00e9tico etc.<\/p><p><b>Motor universal:<\/b>\u00a0Como a pot\u00eancia exigida pelo Keppe Motor \u00e9 menor para realizar o mesmo trabalho e sua rota\u00e7\u00e3o independe da rede, o circuito fica simplificado e mais barato no caso de produtos eletrodom\u00e9sticos bivolt ou que precisem trabalhar em 110 \/ 220V, 50 \/ 60Hz.<\/p><p><b>Motor modular:<\/b>\u00a0Um Keppe Motor pode ser acoplado a outros Keppe Motors para aumento de pot\u00eancia sem perder efici\u00eancia.<\/p><p><br \/><br \/><\/p>\t\t\t\t\t\t\t\t<\/div>\n\t\t\t\t<\/div>\n\t\t\t\t<div class=\"elementor-element elementor-element-1458e1a elementor-widget elementor-widget-spacer\" data-id=\"1458e1a\" data-element_type=\"widget\" data-e-type=\"widget\" data-widget_type=\"spacer.default\">\n\t\t\t\t<div class=\"elementor-widget-container\">\n\t\t\t\t\t\t\t<div class=\"elementor-spacer\">\n\t\t\t<div class=\"elementor-spacer-inner\"><\/div>\n\t\t<\/div>\n\t\t\t\t\t\t<\/div>\n\t\t\t\t<\/div>\n\t\t\t\t\t<\/div>\n\t\t\t\t<\/div>\n\t\t\t\t<\/div>\n\t\t","protected":false},"excerpt":{"rendered":"<p>Vantagens do KEPPEMOTOR Para a ind\u00fastria:\u00a0Significa um \u201cupgrade\u201d tecnol\u00f3gico em linhas inteiras de produtos, al\u00e9m de viabilizar solu\u00e7\u00f5es at\u00e9 ent\u00e3o impossibilitadas pelas limita\u00e7\u00f5es das tecnologias motrizes vigentes. Para as distribuidoras de energia:\u00a0O Brasil perde mais de 15% da energia transmitida desde as usinas geradoras at\u00e9 os consumidores. Este valor \u00e9 extremamente alto em rela\u00e7\u00e3o a [&hellip;]<\/p>\n","protected":false},"author":2,"featured_media":8151,"parent":0,"menu_order":0,"comment_status":"closed","ping_status":"closed","template":"elementor_header_footer","meta":{"_exactmetrics_skip_tracking":false,"_exactmetrics_sitenote_active":false,"_exactmetrics_sitenote_note":"","_exactmetrics_sitenote_category":0,"footnotes":""},"class_list":["post-8395","page","type-page","status-publish","has-post-thumbnail","hentry"],"yoast_head":"<!-- This site is optimized with the Yoast SEO plugin v27.4 - https:\/\/yoast.com\/product\/yoast-seo-wordpress\/ -->\n<title>Vantagens do KEPPEMOTOR - Keppe Motor - Tecnologia para um Novo Mundo<\/title>\n<meta name=\"description\" content=\"Vantagens do Keppe Motor para a ind\u00fastria:\u00a0Significa um \u201cupgrade\u201d tecnol\u00f3gico em linhas inteiras de produtos, al\u00e9m de viabilizar solu\u00e7\u00f5es at\u00e9 ent\u00e3o impossibilitadas pelas limita\u00e7\u00f5es das tecnologias motrizes vigentes. Para as distribuidoras de energia:\u00a0O Brasil perde mais de 15% da energia transmitida desde as usinas geradoras at\u00e9 os consumidores.\" \/>\n<meta name=\"robots\" content=\"index, follow, max-snippet:-1, max-image-preview:large, max-video-preview:-1\" \/>\n<link rel=\"canonical\" href=\"https:\/\/www.keppemotor.com\/institucional\/vantagens-do-keppe-notor\/\" \/>\n<meta property=\"og:locale\" content=\"pt_BR\" \/>\n<meta property=\"og:type\" content=\"article\" \/>\n<meta property=\"og:title\" content=\"Vantagens do KEPPEMOTOR - Keppe Motor - Tecnologia para um Novo Mundo\" \/>\n<meta property=\"og:description\" content=\"Vantagens do Keppe Motor para a ind\u00fastria:\u00a0Significa um \u201cupgrade\u201d tecnol\u00f3gico em linhas inteiras de produtos, al\u00e9m de viabilizar solu\u00e7\u00f5es at\u00e9 ent\u00e3o impossibilitadas pelas limita\u00e7\u00f5es das tecnologias motrizes vigentes. Para as distribuidoras de energia:\u00a0O Brasil perde mais de 15% da energia transmitida desde as usinas geradoras at\u00e9 os consumidores.\" \/>\n<meta property=\"og:url\" content=\"https:\/\/www.keppemotor.com\/institucional\/vantagens-do-keppe-notor\/\" \/>\n<meta property=\"og:site_name\" content=\"Keppe Motor - Tecnologia para um Novo Mundo\" \/>\n<meta property=\"article:modified_time\" content=\"2025-08-04T14:44:13+00:00\" \/>\n<meta property=\"og:image\" content=\"https:\/\/www.keppemotor.com\/institucional\/wp-content\/uploads\/2014\/11\/cropped-cropped-keppemotor-logo-header-5.png\" \/>\n\t<meta property=\"og:image:width\" content=\"512\" \/>\n\t<meta property=\"og:image:height\" content=\"512\" \/>\n\t<meta property=\"og:image:type\" content=\"image\/png\" \/>\n<meta name=\"twitter:label1\" content=\"Est. tempo de leitura\" \/>\n\t<meta name=\"twitter:data1\" content=\"7 minutos\" \/>\n<script type=\"application\/ld+json\" class=\"yoast-schema-graph\">{\"@context\":\"https:\\\/\\\/schema.org\",\"@graph\":[{\"@type\":\"WebPage\",\"@id\":\"https:\\\/\\\/www.keppemotor.com\\\/institucional\\\/vantagens-do-keppe-notor\\\/\",\"url\":\"https:\\\/\\\/www.keppemotor.com\\\/institucional\\\/vantagens-do-keppe-notor\\\/\",\"name\":\"Vantagens do KEPPEMOTOR - Keppe Motor - Tecnologia para um Novo Mundo\",\"isPartOf\":{\"@id\":\"https:\\\/\\\/www.keppemotor.com\\\/institucional\\\/#website\"},\"primaryImageOfPage\":{\"@id\":\"https:\\\/\\\/www.keppemotor.com\\\/institucional\\\/vantagens-do-keppe-notor\\\/#primaryimage\"},\"image\":{\"@id\":\"https:\\\/\\\/www.keppemotor.com\\\/institucional\\\/vantagens-do-keppe-notor\\\/#primaryimage\"},\"thumbnailUrl\":\"https:\\\/\\\/www.keppemotor.com\\\/institucional\\\/wp-content\\\/uploads\\\/2014\\\/11\\\/cropped-cropped-keppemotor-logo-header-5.png\",\"datePublished\":\"2025-07-21T14:18:36+00:00\",\"dateModified\":\"2025-08-04T14:44:13+00:00\",\"description\":\"Vantagens do Keppe Motor para a ind\u00fastria:\u00a0Significa um \u201cupgrade\u201d tecnol\u00f3gico em linhas inteiras de produtos, al\u00e9m de viabilizar solu\u00e7\u00f5es at\u00e9 ent\u00e3o impossibilitadas pelas limita\u00e7\u00f5es das tecnologias motrizes vigentes. Para as distribuidoras de energia:\u00a0O Brasil perde mais de 15% da energia transmitida desde as usinas geradoras at\u00e9 os consumidores.\",\"breadcrumb\":{\"@id\":\"https:\\\/\\\/www.keppemotor.com\\\/institucional\\\/vantagens-do-keppe-notor\\\/#breadcrumb\"},\"inLanguage\":\"pt-BR\",\"potentialAction\":[{\"@type\":\"ReadAction\",\"target\":[\"https:\\\/\\\/www.keppemotor.com\\\/institucional\\\/vantagens-do-keppe-notor\\\/\"]}]},{\"@type\":\"ImageObject\",\"inLanguage\":\"pt-BR\",\"@id\":\"https:\\\/\\\/www.keppemotor.com\\\/institucional\\\/vantagens-do-keppe-notor\\\/#primaryimage\",\"url\":\"https:\\\/\\\/www.keppemotor.com\\\/institucional\\\/wp-content\\\/uploads\\\/2014\\\/11\\\/cropped-cropped-keppemotor-logo-header-5.png\",\"contentUrl\":\"https:\\\/\\\/www.keppemotor.com\\\/institucional\\\/wp-content\\\/uploads\\\/2014\\\/11\\\/cropped-cropped-keppemotor-logo-header-5.png\",\"width\":512,\"height\":512},{\"@type\":\"BreadcrumbList\",\"@id\":\"https:\\\/\\\/www.keppemotor.com\\\/institucional\\\/vantagens-do-keppe-notor\\\/#breadcrumb\",\"itemListElement\":[{\"@type\":\"ListItem\",\"position\":1,\"name\":\"In\u00edcio\",\"item\":\"https:\\\/\\\/www.keppemotor.com\\\/institucional\\\/\"},{\"@type\":\"ListItem\",\"position\":2,\"name\":\"Vantagens do KEPPEMOTOR\"}]},{\"@type\":\"WebSite\",\"@id\":\"https:\\\/\\\/www.keppemotor.com\\\/institucional\\\/#website\",\"url\":\"https:\\\/\\\/www.keppemotor.com\\\/institucional\\\/\",\"name\":\"Keppe Motor - Tecnologia para um Novo Mundo\",\"description\":\"\",\"publisher\":{\"@id\":\"https:\\\/\\\/www.keppemotor.com\\\/institucional\\\/#organization\"},\"potentialAction\":[{\"@type\":\"SearchAction\",\"target\":{\"@type\":\"EntryPoint\",\"urlTemplate\":\"https:\\\/\\\/www.keppemotor.com\\\/institucional\\\/?s={search_term_string}\"},\"query-input\":{\"@type\":\"PropertyValueSpecification\",\"valueRequired\":true,\"valueName\":\"search_term_string\"}}],\"inLanguage\":\"pt-BR\"},{\"@type\":\"Organization\",\"@id\":\"https:\\\/\\\/www.keppemotor.com\\\/institucional\\\/#organization\",\"name\":\"Keppe Motor - Tecnologia para um Novo Mundo\",\"url\":\"https:\\\/\\\/www.keppemotor.com\\\/institucional\\\/\",\"logo\":{\"@type\":\"ImageObject\",\"inLanguage\":\"pt-BR\",\"@id\":\"https:\\\/\\\/www.keppemotor.com\\\/institucional\\\/#\\\/schema\\\/logo\\\/image\\\/\",\"url\":\"https:\\\/\\\/www.keppemotor.com\\\/institucional\\\/wp-content\\\/uploads\\\/2014\\\/11\\\/cropped-keppemotor-logo-header-5.png\",\"contentUrl\":\"https:\\\/\\\/www.keppemotor.com\\\/institucional\\\/wp-content\\\/uploads\\\/2014\\\/11\\\/cropped-keppemotor-logo-header-5.png\",\"width\":300,\"height\":101,\"caption\":\"Keppe Motor - Tecnologia para um Novo Mundo\"},\"image\":{\"@id\":\"https:\\\/\\\/www.keppemotor.com\\\/institucional\\\/#\\\/schema\\\/logo\\\/image\\\/\"}}]}<\/script>\n<!-- \/ Yoast SEO plugin. -->","yoast_head_json":{"title":"Vantagens do KEPPEMOTOR - Keppe Motor - Tecnologia para um Novo Mundo","description":"Vantagens do Keppe Motor para a ind\u00fastria:\u00a0Significa um \u201cupgrade\u201d tecnol\u00f3gico em linhas inteiras de produtos, al\u00e9m de viabilizar solu\u00e7\u00f5es at\u00e9 ent\u00e3o impossibilitadas pelas limita\u00e7\u00f5es das tecnologias motrizes vigentes. Para as distribuidoras de energia:\u00a0O Brasil perde mais de 15% da energia transmitida desde as usinas geradoras at\u00e9 os consumidores.","robots":{"index":"index","follow":"follow","max-snippet":"max-snippet:-1","max-image-preview":"max-image-preview:large","max-video-preview":"max-video-preview:-1"},"canonical":"https:\/\/www.keppemotor.com\/institucional\/vantagens-do-keppe-notor\/","og_locale":"pt_BR","og_type":"article","og_title":"Vantagens do KEPPEMOTOR - Keppe Motor - Tecnologia para um Novo Mundo","og_description":"Vantagens do Keppe Motor para a ind\u00fastria:\u00a0Significa um \u201cupgrade\u201d tecnol\u00f3gico em linhas inteiras de produtos, al\u00e9m de viabilizar solu\u00e7\u00f5es at\u00e9 ent\u00e3o impossibilitadas pelas limita\u00e7\u00f5es das tecnologias motrizes vigentes. Para as distribuidoras de energia:\u00a0O Brasil perde mais de 15% da energia transmitida desde as usinas geradoras at\u00e9 os consumidores.","og_url":"https:\/\/www.keppemotor.com\/institucional\/vantagens-do-keppe-notor\/","og_site_name":"Keppe Motor - Tecnologia para um Novo Mundo","article_modified_time":"2025-08-04T14:44:13+00:00","og_image":[{"width":512,"height":512,"url":"https:\/\/www.keppemotor.com\/institucional\/wp-content\/uploads\/2014\/11\/cropped-cropped-keppemotor-logo-header-5.png","type":"image\/png"}],"twitter_misc":{"Est. tempo de leitura":"7 minutos"},"schema":{"@context":"https:\/\/schema.org","@graph":[{"@type":"WebPage","@id":"https:\/\/www.keppemotor.com\/institucional\/vantagens-do-keppe-notor\/","url":"https:\/\/www.keppemotor.com\/institucional\/vantagens-do-keppe-notor\/","name":"Vantagens do KEPPEMOTOR - Keppe Motor - Tecnologia para um Novo Mundo","isPartOf":{"@id":"https:\/\/www.keppemotor.com\/institucional\/#website"},"primaryImageOfPage":{"@id":"https:\/\/www.keppemotor.com\/institucional\/vantagens-do-keppe-notor\/#primaryimage"},"image":{"@id":"https:\/\/www.keppemotor.com\/institucional\/vantagens-do-keppe-notor\/#primaryimage"},"thumbnailUrl":"https:\/\/www.keppemotor.com\/institucional\/wp-content\/uploads\/2014\/11\/cropped-cropped-keppemotor-logo-header-5.png","datePublished":"2025-07-21T14:18:36+00:00","dateModified":"2025-08-04T14:44:13+00:00","description":"Vantagens do Keppe Motor para a ind\u00fastria:\u00a0Significa um \u201cupgrade\u201d tecnol\u00f3gico em linhas inteiras de produtos, al\u00e9m de viabilizar solu\u00e7\u00f5es at\u00e9 ent\u00e3o impossibilitadas pelas limita\u00e7\u00f5es das tecnologias motrizes vigentes. Para as distribuidoras de energia:\u00a0O Brasil perde mais de 15% da energia transmitida desde as usinas geradoras at\u00e9 os consumidores.","breadcrumb":{"@id":"https:\/\/www.keppemotor.com\/institucional\/vantagens-do-keppe-notor\/#breadcrumb"},"inLanguage":"pt-BR","potentialAction":[{"@type":"ReadAction","target":["https:\/\/www.keppemotor.com\/institucional\/vantagens-do-keppe-notor\/"]}]},{"@type":"ImageObject","inLanguage":"pt-BR","@id":"https:\/\/www.keppemotor.com\/institucional\/vantagens-do-keppe-notor\/#primaryimage","url":"https:\/\/www.keppemotor.com\/institucional\/wp-content\/uploads\/2014\/11\/cropped-cropped-keppemotor-logo-header-5.png","contentUrl":"https:\/\/www.keppemotor.com\/institucional\/wp-content\/uploads\/2014\/11\/cropped-cropped-keppemotor-logo-header-5.png","width":512,"height":512},{"@type":"BreadcrumbList","@id":"https:\/\/www.keppemotor.com\/institucional\/vantagens-do-keppe-notor\/#breadcrumb","itemListElement":[{"@type":"ListItem","position":1,"name":"In\u00edcio","item":"https:\/\/www.keppemotor.com\/institucional\/"},{"@type":"ListItem","position":2,"name":"Vantagens do KEPPEMOTOR"}]},{"@type":"WebSite","@id":"https:\/\/www.keppemotor.com\/institucional\/#website","url":"https:\/\/www.keppemotor.com\/institucional\/","name":"Keppe Motor - Tecnologia para um Novo Mundo","description":"","publisher":{"@id":"https:\/\/www.keppemotor.com\/institucional\/#organization"},"potentialAction":[{"@type":"SearchAction","target":{"@type":"EntryPoint","urlTemplate":"https:\/\/www.keppemotor.com\/institucional\/?s={search_term_string}"},"query-input":{"@type":"PropertyValueSpecification","valueRequired":true,"valueName":"search_term_string"}}],"inLanguage":"pt-BR"},{"@type":"Organization","@id":"https:\/\/www.keppemotor.com\/institucional\/#organization","name":"Keppe Motor - Tecnologia para um Novo Mundo","url":"https:\/\/www.keppemotor.com\/institucional\/","logo":{"@type":"ImageObject","inLanguage":"pt-BR","@id":"https:\/\/www.keppemotor.com\/institucional\/#\/schema\/logo\/image\/","url":"https:\/\/www.keppemotor.com\/institucional\/wp-content\/uploads\/2014\/11\/cropped-keppemotor-logo-header-5.png","contentUrl":"https:\/\/www.keppemotor.com\/institucional\/wp-content\/uploads\/2014\/11\/cropped-keppemotor-logo-header-5.png","width":300,"height":101,"caption":"Keppe Motor - Tecnologia para um Novo Mundo"},"image":{"@id":"https:\/\/www.keppemotor.com\/institucional\/#\/schema\/logo\/image\/"}}]}},"_links":{"self":[{"href":"https:\/\/www.keppemotor.com\/institucional\/wp-json\/wp\/v2\/pages\/8395","targetHints":{"allow":["GET"]}}],"collection":[{"href":"https:\/\/www.keppemotor.com\/institucional\/wp-json\/wp\/v2\/pages"}],"about":[{"href":"https:\/\/www.keppemotor.com\/institucional\/wp-json\/wp\/v2\/types\/page"}],"author":[{"embeddable":true,"href":"https:\/\/www.keppemotor.com\/institucional\/wp-json\/wp\/v2\/users\/2"}],"replies":[{"embeddable":true,"href":"https:\/\/www.keppemotor.com\/institucional\/wp-json\/wp\/v2\/comments?post=8395"}],"version-history":[{"count":5,"href":"https:\/\/www.keppemotor.com\/institucional\/wp-json\/wp\/v2\/pages\/8395\/revisions"}],"predecessor-version":[{"id":8530,"href":"https:\/\/www.keppemotor.com\/institucional\/wp-json\/wp\/v2\/pages\/8395\/revisions\/8530"}],"wp:featuredmedia":[{"embeddable":true,"href":"https:\/\/www.keppemotor.com\/institucional\/wp-json\/wp\/v2\/media\/8151"}],"wp:attachment":[{"href":"https:\/\/www.keppemotor.com\/institucional\/wp-json\/wp\/v2\/media?parent=8395"}],"curies":[{"name":"wp","href":"https:\/\/api.w.org\/{rel}","templated":true}]}}