{"id":847,"date":"2014-11-04T13:02:02","date_gmt":"2014-11-04T13:02:02","guid":{"rendered":"http:\/\/www.keppemotor.com\/institucional\/?page_id=847"},"modified":"2024-09-04T16:02:55","modified_gmt":"2024-09-04T16:02:55","slug":"press-releases","status":"publish","type":"page","link":"https:\/\/www.keppemotor.com\/institucional\/press-releases\/","title":{"rendered":"Press Releases"},"content":{"rendered":"\t\t<div data-elementor-type=\"wp-page\" data-elementor-id=\"847\" class=\"elementor elementor-847\" data-elementor-post-type=\"page\">\n\t\t\t\t<div class=\"elementor-element elementor-element-4674c928 e-flex e-con-boxed e-con e-parent\" data-id=\"4674c928\" data-element_type=\"container\" data-e-type=\"container\">\n\t\t\t\t\t<div class=\"e-con-inner\">\n\t\t\t\t<div class=\"elementor-element elementor-element-ab618bb elementor-widget elementor-widget-heading\" data-id=\"ab618bb\" data-element_type=\"widget\" data-e-type=\"widget\" data-widget_type=\"heading.default\">\n\t\t\t\t<div class=\"elementor-widget-container\">\n\t\t\t\t\t<h1 class=\"elementor-heading-title elementor-size-default\">Press Releases<\/h1>\t\t\t\t<\/div>\n\t\t\t\t<\/div>\n\t\t\t\t<div class=\"elementor-element elementor-element-8df54b8 elementor-widget elementor-widget-text-editor\" data-id=\"8df54b8\" data-element_type=\"widget\" data-e-type=\"widget\" data-widget_type=\"text-editor.default\">\n\t\t\t\t<div class=\"elementor-widget-container\">\n\t\t\t\t\t\t\t\t\t<blockquote>\r\n<h2><a href=\"https:\/\/www.keppemotor.com\/institucional\/as-faculdades-trilogicas-em-parceria-com-o-crea-sp-capacita-realizarao-a-palestra-keppe-motor\/\" target=\"_blank\" rel=\"noopener noreferrer\">As Faculdades Tril\u00f3gicas, em parceria com o CREA-SP Capacita, realizar\u00e3o a palestra \u201cKEPPE MOTOR, Uma Nova Tecnologia Para um Novo Mundo\u201d<\/a><\/h2>\r\n<\/blockquote>\r\n<blockquote>\r\n<h2><a href=\"https:\/\/www.keppemotor.com\/institucional\/aula-sobre-a-ciencia-da-energetica-e-a-tecnologia-keppe-motor-convidam-ao-estudo-da-energia-escalar-de-tesla\/\" target=\"_blank\" rel=\"noopener noreferrer\">Aula sobre a Ci\u00eancia da Energ\u00e9tica e a Tecnologia Keppe Motor convidam ao estudo da energia escalar de Tesla<\/a><\/h2>\r\n<\/blockquote>\r\n<blockquote>\r\n<h2><a href=\"https:\/\/www.keppemotor.com\/institucional\/keppe-motor-traz-a-tecnologia-do-magnetismo-energia-limpa-e-economica-para-todos\/\" target=\"_blank\" rel=\"noopener noreferrer\">Keppe Motor traz a tecnologia do magnetismo: energia limpa e econ\u00f4mica para todos<\/a><\/h2>\r\n<\/blockquote>\r\n<blockquote>\r\n<h2><a href=\"\/\/www.keppemotor.com\/institucional\/pos-graduacao-ead-em-nova-fisica-e-tecnologia-keppe-motor\/\" target=\"_blank\" rel=\"noopener noreferrer\">P\u00f3s-gradua\u00e7\u00e3o Ead em Nova F\u00edsica e Tecnologia Keppe Motor \/ Janeiro 2022<\/a><\/h2>\r\n<\/blockquote>\r\n<blockquote>\r\n<h2><a href=\"https:\/\/www.keppemotor.com\/institucional\/tecnologia-de-motores-que-economizam-ate-90-de-energia-e-o-tema-de-forum-online-e-gratuito\/\" target=\"_blank\" rel=\"noopener noreferrer\">Tecnologia de Motores que economizam at\u00e9 90% de energia \u00e9 o tema de F\u00f3rum Online e Gratuito<\/a><\/h2>\r\n<\/blockquote>\r\n<blockquote>\r\n<h2><a href=\"http:\/\/www.keppemotor.com\/institucional\/wp-content\/uploads\/2014\/11\/Sobre-a-tecnologia-Keppe-Motor_Outubro-2014.pdf&quot;%20\" target=\"_blank\" rel=\"noopener noreferrer\">Sobre a tecnologia KEPPEMOTOR<\/a><\/h2>\r\n<\/blockquote>\r\n&nbsp;\r\n<blockquote>\r\n<h2><a href=\"http:\/\/www.keppemotor.com\/institucional\/wp-content\/uploads\/2014\/11\/Keppe-Motor-Press-Release_Outubro-2014.pdf&quot;%20\" target=\"_blank\" rel=\"noopener noreferrer\">KEPPEMOTOR &#8211; Press release \/ Outubro 2014<\/a><\/h2>\r\n<\/blockquote>\r\n&nbsp;\t\t\t\t\t\t\t\t<\/div>\n\t\t\t\t<\/div>\n\t\t\t\t\t<\/div>\n\t\t\t\t<\/div>\n\t\t\t\t<\/div>\n\t\t","protected":false},"excerpt":{"rendered":"<p>Press Releases As Faculdades Tril\u00f3gicas, em parceria com o CREA-SP Capacita, realizar\u00e3o a palestra \u201cKEPPE MOTOR, Uma Nova Tecnologia Para um Novo Mundo\u201d Aula sobre a Ci\u00eancia da Energ\u00e9tica e a Tecnologia Keppe Motor convidam ao estudo da energia escalar de Tesla Keppe Motor traz a tecnologia do magnetismo: energia limpa e econ\u00f4mica para todos [&hellip;]<\/p>\n","protected":false},"author":2,"featured_media":0,"parent":0,"menu_order":0,"comment_status":"0","ping_status":"open","template":"elementor_header_footer","meta":{"_exactmetrics_skip_tracking":false,"_exactmetrics_sitenote_active":false,"_exactmetrics_sitenote_note":"","_exactmetrics_sitenote_category":0,"footnotes":""},"class_list":["post-847","page","type-page","status-publish","hentry"],"yoast_head":"<!-- This site is optimized with the Yoast SEO plugin v27.4 - https:\/\/yoast.com\/product\/yoast-seo-wordpress\/ -->\n<title>Press Releases - Keppe Motor - Tecnologia para um Novo Mundo<\/title>\n<meta name=\"robots\" content=\"index, follow, max-snippet:-1, max-image-preview:large, max-video-preview:-1\" \/>\n<link rel=\"canonical\" href=\"https:\/\/www.keppemotor.com\/institucional\/press-releases\/\" \/>\n<meta property=\"og:locale\" content=\"pt_BR\" \/>\n<meta property=\"og:type\" content=\"article\" \/>\n<meta property=\"og:title\" content=\"Press Releases - Keppe Motor - Tecnologia para um Novo Mundo\" \/>\n<meta property=\"og:description\" content=\"Press Releases As Faculdades Tril\u00f3gicas, em parceria com o CREA-SP Capacita, realizar\u00e3o a palestra \u201cKEPPE MOTOR, Uma Nova Tecnologia Para um Novo Mundo\u201d Aula sobre a Ci\u00eancia da Energ\u00e9tica e a Tecnologia Keppe Motor convidam ao estudo da energia escalar de Tesla Keppe Motor traz a tecnologia do magnetismo: energia limpa e econ\u00f4mica para todos [&hellip;]\" \/>\n<meta property=\"og:url\" content=\"https:\/\/www.keppemotor.com\/institucional\/press-releases\/\" \/>\n<meta property=\"og:site_name\" content=\"Keppe Motor - Tecnologia para um Novo Mundo\" \/>\n<meta property=\"article:modified_time\" content=\"2024-09-04T16:02:55+00:00\" \/>\n<meta name=\"twitter:label1\" content=\"Est. tempo de leitura\" \/>\n\t<meta name=\"twitter:data1\" content=\"1 minuto\" \/>\n<script type=\"application\/ld+json\" class=\"yoast-schema-graph\">{\"@context\":\"https:\\\/\\\/schema.org\",\"@graph\":[{\"@type\":\"WebPage\",\"@id\":\"https:\\\/\\\/www.keppemotor.com\\\/institucional\\\/press-releases\\\/\",\"url\":\"https:\\\/\\\/www.keppemotor.com\\\/institucional\\\/press-releases\\\/\",\"name\":\"Press Releases - Keppe Motor - Tecnologia para um Novo Mundo\",\"isPartOf\":{\"@id\":\"https:\\\/\\\/www.keppemotor.com\\\/institucional\\\/#website\"},\"datePublished\":\"2014-11-04T13:02:02+00:00\",\"dateModified\":\"2024-09-04T16:02:55+00:00\",\"breadcrumb\":{\"@id\":\"https:\\\/\\\/www.keppemotor.com\\\/institucional\\\/press-releases\\\/#breadcrumb\"},\"inLanguage\":\"pt-BR\",\"potentialAction\":[{\"@type\":\"ReadAction\",\"target\":[\"https:\\\/\\\/www.keppemotor.com\\\/institucional\\\/press-releases\\\/\"]}]},{\"@type\":\"BreadcrumbList\",\"@id\":\"https:\\\/\\\/www.keppemotor.com\\\/institucional\\\/press-releases\\\/#breadcrumb\",\"itemListElement\":[{\"@type\":\"ListItem\",\"position\":1,\"name\":\"In\u00edcio\",\"item\":\"https:\\\/\\\/www.keppemotor.com\\\/institucional\\\/\"},{\"@type\":\"ListItem\",\"position\":2,\"name\":\"Press Releases\"}]},{\"@type\":\"WebSite\",\"@id\":\"https:\\\/\\\/www.keppemotor.com\\\/institucional\\\/#website\",\"url\":\"https:\\\/\\\/www.keppemotor.com\\\/institucional\\\/\",\"name\":\"Keppe Motor - Tecnologia para um Novo Mundo\",\"description\":\"\",\"publisher\":{\"@id\":\"https:\\\/\\\/www.keppemotor.com\\\/institucional\\\/#organization\"},\"potentialAction\":[{\"@type\":\"SearchAction\",\"target\":{\"@type\":\"EntryPoint\",\"urlTemplate\":\"https:\\\/\\\/www.keppemotor.com\\\/institucional\\\/?s={search_term_string}\"},\"query-input\":{\"@type\":\"PropertyValueSpecification\",\"valueRequired\":true,\"valueName\":\"search_term_string\"}}],\"inLanguage\":\"pt-BR\"},{\"@type\":\"Organization\",\"@id\":\"https:\\\/\\\/www.keppemotor.com\\\/institucional\\\/#organization\",\"name\":\"Keppe Motor - Tecnologia para um Novo Mundo\",\"url\":\"https:\\\/\\\/www.keppemotor.com\\\/institucional\\\/\",\"logo\":{\"@type\":\"ImageObject\",\"inLanguage\":\"pt-BR\",\"@id\":\"https:\\\/\\\/www.keppemotor.com\\\/institucional\\\/#\\\/schema\\\/logo\\\/image\\\/\",\"url\":\"https:\\\/\\\/www.keppemotor.com\\\/institucional\\\/wp-content\\\/uploads\\\/2014\\\/11\\\/cropped-keppemotor-logo-header-5.png\",\"contentUrl\":\"https:\\\/\\\/www.keppemotor.com\\\/institucional\\\/wp-content\\\/uploads\\\/2014\\\/11\\\/cropped-keppemotor-logo-header-5.png\",\"width\":300,\"height\":101,\"caption\":\"Keppe Motor - Tecnologia para um Novo Mundo\"},\"image\":{\"@id\":\"https:\\\/\\\/www.keppemotor.com\\\/institucional\\\/#\\\/schema\\\/logo\\\/image\\\/\"}}]}<\/script>\n<!-- \/ Yoast SEO plugin. -->","yoast_head_json":{"title":"Press Releases - Keppe Motor - Tecnologia para um Novo Mundo","robots":{"index":"index","follow":"follow","max-snippet":"max-snippet:-1","max-image-preview":"max-image-preview:large","max-video-preview":"max-video-preview:-1"},"canonical":"https:\/\/www.keppemotor.com\/institucional\/press-releases\/","og_locale":"pt_BR","og_type":"article","og_title":"Press Releases - Keppe Motor - Tecnologia para um Novo Mundo","og_description":"Press Releases As Faculdades Tril\u00f3gicas, em parceria com o CREA-SP Capacita, realizar\u00e3o a palestra \u201cKEPPE MOTOR, Uma Nova Tecnologia Para um Novo Mundo\u201d Aula sobre a Ci\u00eancia da Energ\u00e9tica e a Tecnologia Keppe Motor convidam ao estudo da energia escalar de Tesla Keppe Motor traz a tecnologia do magnetismo: energia limpa e econ\u00f4mica para todos [&hellip;]","og_url":"https:\/\/www.keppemotor.com\/institucional\/press-releases\/","og_site_name":"Keppe Motor - Tecnologia para um Novo Mundo","article_modified_time":"2024-09-04T16:02:55+00:00","twitter_misc":{"Est. tempo de leitura":"1 minuto"},"schema":{"@context":"https:\/\/schema.org","@graph":[{"@type":"WebPage","@id":"https:\/\/www.keppemotor.com\/institucional\/press-releases\/","url":"https:\/\/www.keppemotor.com\/institucional\/press-releases\/","name":"Press Releases - Keppe Motor - Tecnologia para um Novo Mundo","isPartOf":{"@id":"https:\/\/www.keppemotor.com\/institucional\/#website"},"datePublished":"2014-11-04T13:02:02+00:00","dateModified":"2024-09-04T16:02:55+00:00","breadcrumb":{"@id":"https:\/\/www.keppemotor.com\/institucional\/press-releases\/#breadcrumb"},"inLanguage":"pt-BR","potentialAction":[{"@type":"ReadAction","target":["https:\/\/www.keppemotor.com\/institucional\/press-releases\/"]}]},{"@type":"BreadcrumbList","@id":"https:\/\/www.keppemotor.com\/institucional\/press-releases\/#breadcrumb","itemListElement":[{"@type":"ListItem","position":1,"name":"In\u00edcio","item":"https:\/\/www.keppemotor.com\/institucional\/"},{"@type":"ListItem","position":2,"name":"Press Releases"}]},{"@type":"WebSite","@id":"https:\/\/www.keppemotor.com\/institucional\/#website","url":"https:\/\/www.keppemotor.com\/institucional\/","name":"Keppe Motor - Tecnologia para um Novo Mundo","description":"","publisher":{"@id":"https:\/\/www.keppemotor.com\/institucional\/#organization"},"potentialAction":[{"@type":"SearchAction","target":{"@type":"EntryPoint","urlTemplate":"https:\/\/www.keppemotor.com\/institucional\/?s={search_term_string}"},"query-input":{"@type":"PropertyValueSpecification","valueRequired":true,"valueName":"search_term_string"}}],"inLanguage":"pt-BR"},{"@type":"Organization","@id":"https:\/\/www.keppemotor.com\/institucional\/#organization","name":"Keppe Motor - Tecnologia para um Novo Mundo","url":"https:\/\/www.keppemotor.com\/institucional\/","logo":{"@type":"ImageObject","inLanguage":"pt-BR","@id":"https:\/\/www.keppemotor.com\/institucional\/#\/schema\/logo\/image\/","url":"https:\/\/www.keppemotor.com\/institucional\/wp-content\/uploads\/2014\/11\/cropped-keppemotor-logo-header-5.png","contentUrl":"https:\/\/www.keppemotor.com\/institucional\/wp-content\/uploads\/2014\/11\/cropped-keppemotor-logo-header-5.png","width":300,"height":101,"caption":"Keppe Motor - Tecnologia para um Novo Mundo"},"image":{"@id":"https:\/\/www.keppemotor.com\/institucional\/#\/schema\/logo\/image\/"}}]}},"_links":{"self":[{"href":"https:\/\/www.keppemotor.com\/institucional\/wp-json\/wp\/v2\/pages\/847","targetHints":{"allow":["GET"]}}],"collection":[{"href":"https:\/\/www.keppemotor.com\/institucional\/wp-json\/wp\/v2\/pages"}],"about":[{"href":"https:\/\/www.keppemotor.com\/institucional\/wp-json\/wp\/v2\/types\/page"}],"author":[{"embeddable":true,"href":"https:\/\/www.keppemotor.com\/institucional\/wp-json\/wp\/v2\/users\/2"}],"replies":[{"embeddable":true,"href":"https:\/\/www.keppemotor.com\/institucional\/wp-json\/wp\/v2\/comments?post=847"}],"version-history":[{"count":5,"href":"https:\/\/www.keppemotor.com\/institucional\/wp-json\/wp\/v2\/pages\/847\/revisions"}],"predecessor-version":[{"id":6815,"href":"https:\/\/www.keppemotor.com\/institucional\/wp-json\/wp\/v2\/pages\/847\/revisions\/6815"}],"wp:attachment":[{"href":"https:\/\/www.keppemotor.com\/institucional\/wp-json\/wp\/v2\/media?parent=847"}],"curies":[{"name":"wp","href":"https:\/\/api.w.org\/{rel}","templated":true}]}}