{"id":8472,"date":"2025-08-04T12:00:21","date_gmt":"2025-08-04T12:00:21","guid":{"rendered":"https:\/\/www.keppemotor.com\/institucional\/?page_id=8472"},"modified":"2025-08-04T13:19:40","modified_gmt":"2025-08-04T13:19:40","slug":"la-nueva-fisica","status":"publish","type":"page","link":"https:\/\/www.keppemotor.com\/institucional\/es\/la-nueva-fisica\/","title":{"rendered":"La Ciencia de la Energ\u00e9tica: Una Nueva F\u00edsica Desinvertida"},"content":{"rendered":"\t\t<div data-elementor-type=\"wp-page\" data-elementor-id=\"8472\" class=\"elementor elementor-8472\" data-elementor-post-type=\"page\">\n\t\t\t\t<div class=\"elementor-element elementor-element-766f9009 e-flex e-con-boxed e-con e-parent\" data-id=\"766f9009\" data-element_type=\"container\" data-e-type=\"container\">\n\t\t\t\t\t<div class=\"e-con-inner\">\n\t\t\t\t<div class=\"elementor-element elementor-element-e40eda4 elementor-widget elementor-widget-spacer\" data-id=\"e40eda4\" data-element_type=\"widget\" data-e-type=\"widget\" data-widget_type=\"spacer.default\">\n\t\t\t\t<div class=\"elementor-widget-container\">\n\t\t\t\t\t\t\t<div class=\"elementor-spacer\">\n\t\t\t<div class=\"elementor-spacer-inner\"><\/div>\n\t\t<\/div>\n\t\t\t\t\t\t<\/div>\n\t\t\t\t<\/div>\n\t\t\t\t<div class=\"elementor-element elementor-element-a20a427 elementor-widget elementor-widget-heading\" data-id=\"a20a427\" data-element_type=\"widget\" data-e-type=\"widget\" data-widget_type=\"heading.default\">\n\t\t\t\t<div class=\"elementor-widget-container\">\n\t\t\t\t\t<h1 class=\"elementor-heading-title elementor-size-default\">La Ciencia de la Energ\u00e9tica: \nUna Nueva F\u00edsica Desinvertida<\/h1>\t\t\t\t<\/div>\n\t\t\t\t<\/div>\n\t\t\t\t<div class=\"elementor-element elementor-element-fdf0e60 elementor-widget elementor-widget-spacer\" data-id=\"fdf0e60\" data-element_type=\"widget\" data-e-type=\"widget\" data-widget_type=\"spacer.default\">\n\t\t\t\t<div class=\"elementor-widget-container\">\n\t\t\t\t\t\t\t<div class=\"elementor-spacer\">\n\t\t\t<div class=\"elementor-spacer-inner\"><\/div>\n\t\t<\/div>\n\t\t\t\t\t\t<\/div>\n\t\t\t\t<\/div>\n\t\t\t\t<div class=\"elementor-element elementor-element-7c4db76f elementor-widget elementor-widget-text-editor\" data-id=\"7c4db76f\" data-element_type=\"widget\" data-e-type=\"widget\" data-widget_type=\"text-editor.default\">\n\t\t\t\t<div class=\"elementor-widget-container\">\n\t\t\t\t\t\t\t\t\t<h5><a href=\"http:\/\/www.keppemotor.com\/institucional\/wp-content\/uploads\/2014\/11\/banner-nova-fisica-3.png\"><img fetchpriority=\"high\" decoding=\"async\" class=\"wp-image-545 size-full aligncenter\" src=\"http:\/\/www.keppemotor.com\/institucional\/wp-content\/uploads\/2014\/11\/banner-nova-fisica-3.png\" alt=\"\" width=\"837\" height=\"291\" srcset=\"https:\/\/www.keppemotor.com\/institucional\/wp-content\/uploads\/2014\/11\/banner-nova-fisica-3.png 837w, https:\/\/www.keppemotor.com\/institucional\/wp-content\/uploads\/2014\/11\/banner-nova-fisica-3-300x104.png 300w, https:\/\/www.keppemotor.com\/institucional\/wp-content\/uploads\/2014\/11\/banner-nova-fisica-3-460x159.png 460w, https:\/\/www.keppemotor.com\/institucional\/wp-content\/uploads\/2014\/11\/banner-nova-fisica-3-600x208.png 600w, https:\/\/www.keppemotor.com\/institucional\/wp-content\/uploads\/2014\/11\/banner-nova-fisica-3-120x41.png 120w, https:\/\/www.keppemotor.com\/institucional\/wp-content\/uploads\/2014\/11\/banner-nova-fisica-3-680x236.png 680w\" sizes=\"(max-width: 837px) 100vw, 837px\" \/><\/a><\/h5><p align=\"justify\">Desde el siglo XX, la f\u00edsica se ha basado en dos pilares fundamentales: la Teor\u00eda de la Relatividad de Albert Einstein y la Teor\u00eda Cu\u00e1ntica de Planck, Einstein, Bohr, de Broglie, Schr\u00f6dinger, Heisenberg y otros.<\/p><p align=\"justify\">En la primera, la masa y la energ\u00eda se relacionan seg\u00fan una de las ecuaciones m\u00e1s famosas de la f\u00edsica, E=mc\u00b2. En la segunda, la energ\u00eda proviene de part\u00edculas cu\u00e1nticas, con o sin masa, pero de dimensiones infinitesimales. Por lo tanto, cuando se piensa en energ\u00eda, primero se piensa en alg\u00fan elemento material (s\u00f3lido, l\u00edquido o gaseoso) del que se pueda extraer.<\/p><p align=\"justify\">Bas\u00e1ndose en estudios sobre los or\u00edgenes de la filosof\u00eda y la ciencia en la antigua Grecia, Keppe se\u00f1ala un error que cometi\u00f3 Arist\u00f3teles al formular la Metaf\u00edsica, ciencia que servir\u00eda de base para todas las dem\u00e1s hasta nuestros d\u00edas, especialmente para la f\u00edsica, que result\u00f3 ser la m\u00e1s perjudicada.<\/p><p align=\"justify\">Como cient\u00edfico en el campo de la psicopatolog\u00eda, Keppe realiz\u00f3 su mayor descubrimiento en 1977: la INVERSI\u00d3N, que se refiere al fen\u00f3meno ps\u00edquico de invertir inconscientemente la percepci\u00f3n de la realidad. Para Keppe, todos los seres humanos sufren, en mayor o menor grado, de inversi\u00f3n y, al no darse cuenta, la incorporan a su trabajo para elaborar y desarrollar hip\u00f3tesis, tesis y ciencias igualmente invertidas.<\/p><p align=\"justify\">En consecuencia, cuanto m\u00e1s se &#8220;desarrolla&#8221; una ciencia invertida, m\u00e1s perjudicial se vuelve, hasta el punto de que estamos al borde de una cat\u00e1strofe ecol\u00f3gica, adem\u00e1s de amenazados de autodestrucci\u00f3n como civilizaci\u00f3n. Y todo esto, sin que nos demos cuenta de lo que est\u00e1 mal.<\/p><p align=\"justify\">Con este descubrimiento, Keppe se dio cuenta de que Arist\u00f3teles formul\u00f3 un principio metaf\u00edsico de forma invertida cuando afirm\u00f3 que el <u>acto vendr\u00eda de la potencia.<\/u> Este lenguaje metaf\u00edsico-filos\u00f3fico puede traducirse como \u00abla energ\u00eda (acto) vendr\u00eda de la materia (potencia)\u00bb, o incluso \u00abla energ\u00eda vendr\u00eda de la diferencia de potenciales\u00bb, ya que Arist\u00f3teles identific\u00f3 la materia como un elemento potencial.<\/p><p align=\"justify\">Como si fuera poco, seg\u00fan Keppe, Arist\u00f3teles desvi\u00f3 el estudio del atomismo con su hilemorfismo, una doctrina filos\u00f3fica que establece la duplicidad de la sustancia, estableciendo la noci\u00f3n err\u00f3nea de que la materia y la forma son dos elementos distintos de la misma sustancia. Este pensamiento desarroll\u00f3 la idea de que la materia y la energ\u00eda deb\u00edan tratarse como dos elementos distintos pero siempre presentes, similares al cuerpo y al alma, lo que allan\u00f3 el camino para que Einstein concluyera que la masa y la energ\u00eda eran equivalentes (E=mc\u00b2).<\/p><p align=\"justify\">Cuando Niels Bohr desarroll\u00f3 su Principio de Complementariedad de la f\u00edsica cu\u00e1ntica, consider\u00f3 la part\u00edcula (materia) y la onda (energ\u00eda) como dos elementos distintos pero complementarios y omnipresentes, que se manifiestan como part\u00edcula u onda solo en el momento del experimento. En realidad, para Keppe, solo existe una sustancia, la energ\u00eda, que puede manifestarse como part\u00edcula si se reduce su vibraci\u00f3n interna.<\/p><p align=\"justify\">La interpretaci\u00f3n relativista de que \u00abla energ\u00eda es masa radiante y la masa es energ\u00eda condensada\u00bb expresa muy bien el materialismo absoluto propuesto por Einstein y su idea (invertida) de que la energ\u00eda proviene de la masa. Cabe destacar que, incluso si un fot\u00f3n (part\u00edcula de luz) no tiene masa, posee energ\u00eda, pero esta energ\u00eda vendr\u00eda de un punto infinitesimal en el espacio sin masa, una idea igualmente invertida. Keppe, apoyado en la metaf\u00edsica \u00abdesinvertida\u00bb, afirma que \u00ablo mayor no proviene de lo menor\u00bb y, por lo tanto, la energ\u00eda nunca podr\u00eda provenir de un punto infinitesimal, ya que el espacio vac\u00edo en s\u00ed mismo ES energ\u00eda pura. Ser\u00eda m\u00e1s preciso decir que la energ\u00eda se manifiesta en su forma sensible y medible <u>a trav\u00e9s<\/u> de puntos infinitesimales en el espacio.<\/p><p align=\"justify\">En otras palabras, para Keppe, la energ\u00eda no nace en el quantum (con o sin masa), sino que es plena y continua, existe fuera del tiempo y el espacio, y se manifiesta de manera cu\u00e1ntica o granular en nuestra dimensi\u00f3n material del tiempo y el espacio a trav\u00e9s de v\u00f3rtices.<\/p><p align=\"justify\">En 1991, tras desinvertir la metaf\u00edsica aristot\u00e9lica, Keppe hace contacto con la obra del gran inventor Nikola Tesla, padre de la corriente alterna y los motores de inducci\u00f3n (los m\u00e1s utilizados hoy en d\u00eda), y se dio cuenta de que ya hab\u00eda realizado numerosos inventos importantes basados en la idea de que el vac\u00edo, que corresponde a la ausencia total de materia, est\u00e1 hecho de energ\u00eda. La tecnolog\u00eda de Tesla utilizaba un tipo diferente de energ\u00eda, derivada de la resonancia de las &#8220;ondas electromagn\u00e9ticas longitudinales&#8221;, a las que inicialmente denomin\u00f3 energ\u00eda radiante. Algunos investigadores poco ortodoxos comenzaron a llamar a la energ\u00eda radiante de Tesla &#8220;Energ\u00eda Escalar&#8221;, t\u00e9rmino que se refiere a una forma de energ\u00eda &#8220;no vectorial&#8221;, es decir, de origen trascendente, fuera del tiempo, el espacio, la materia y el movimiento.<\/p><p align=\"justify\">Bas\u00e1ndose en la desinversi\u00f3n de la metaf\u00edsica y en el descubrimiento de la Energ\u00eda Escalar de Tesla, Keppe a\u00f1ade el t\u00e9rmino &#8220;Esencial&#8221; para renombrarla Energ\u00eda Escalar Esencial (E.E.E), porque sin ella nada puede existir. En su libro &#8220;La Nueva F\u00edsica de la Metaf\u00edsica Desinvertida&#8221;, desarrolla nuevos principios en los que deber\u00eda basarse la ciencia de la f\u00edsica para guiar nuevos descubrimientos y tecnolog\u00edas m\u00e1s acordes con la humanidad y la naturaleza. El MOTOR KEPPE es el resultado de este trabajo.<\/p><p align=\"justify\">\u00a0<\/p><h4 align=\"justify\"><b>A trav\u00e9s de la ciencia de la Energ\u00e9tica de Keppe podemos concluir que:<\/b><\/h4><p align=\"justify\">1) La masa, y consecuentemente la materia, proviene de la energ\u00eda del espacio, y ambas no son equivalentes. La energ\u00eda (la escalar de Tesla o la esencial de Keppe) es jer\u00e1rquicamente superior y siempre existe donde no hay materia (part\u00edculas). Sin embargo, no siempre hay materia \u2014o puede que no siempre la haya\u2014 donde hay energ\u00eda. La materia simplemente capta la energ\u00eda esencial y libera energ\u00eda secundaria seg\u00fan la resonancia de su estructura interna. Un ejemplo de esto ser\u00eda un im\u00e1n permanente, que captar\u00eda la energ\u00eda esencial del exterior y la retransmitir\u00eda al espacio-tiempo en forma de un campo magn\u00e9tico medible.<\/p><p align=\"justify\">2) Solo existe una sustancia, la Energ\u00eda Escalar Esencial (E.E.E), un t\u00e9rmino keppeano para la energ\u00eda escalar de Tesla, que es trascendente (no material, no temporal y no espacial) y que produce masa (y materia) mediante el fen\u00f3meno de la resonancia. Para Keppe, la materia es una resonancia de Energ\u00eda Escalar Esencial atrapada en el tiempo y el espacio.<\/p><p align=\"justify\">3) Las energ\u00edas captadas por los cinco sentidos humanos y detectables por instrumentos no son esenciales, ya que todas corresponden a subproductos de la energ\u00eda primaria (E.E.E). Esto implica que la tecnolog\u00eda basada en la obtenci\u00f3n de movimiento mediante la diferencia de potenciales de energ\u00edas secundarias (gravedad, electricidad, energ\u00eda nuclear, electromagnetismo, etc.) deber\u00eda ser reemplazada por tecnolog\u00eda que capture directamente la energ\u00eda primaria (E.E.E) mediante el fen\u00f3meno de la resonancia.<\/p><p align=\"justify\">4) La E.E.E. tiene dos componentes: acci\u00f3n y complementaci\u00f3n, que corresponden a las dos direcciones que conforman la resonancia. Aqu\u00ed, para Keppe, entra en juego el concepto de \u00abPotencial Puro\u00bb, que corresponde a la idea de que la diferencia de potenciales en f\u00edsica provoca una entrop\u00eda acelerada del sistema al utilizar la energ\u00eda en una sola direcci\u00f3n (por ejemplo, la electricidad desgasta una carga mediante el efecto Joule). Cuando el sistema est\u00e1 en resonancia, su entrop\u00eda se minimiza y su eficiencia se maximiza, precisamente porque el sistema comienza a beneficiarse de los dos componentes complementarios de acci\u00f3n y complementaci\u00f3n. El potencial puro puede verse como un v\u00f3rtice causado por la resonancia del sistema y a trav\u00e9s del cual pasa la E.E.E.<\/p><p align=\"justify\">La base cient\u00edfico-filos\u00f3fica para una mejor comprensi\u00f3n de esta informaci\u00f3n se puede encontrar en el libro <span style=\"color: #333399;\"><a style=\"color: #333399;\" href=\"https:\/\/editoraproton.com.br\/produto\/la-nueva-fisica-de-la-metafisica-desinvertida-pdf\/\"><u>La Nueva F\u00edsica de la Metaf\u00edsica Desinvertida<\/u><\/a><\/span>, de Norberto R. Keppe.<\/p><p align=\"justify\"><br \/><br \/><\/p>\t\t\t\t\t\t\t\t<\/div>\n\t\t\t\t<\/div>\n\t\t\t\t\t<\/div>\n\t\t\t\t<\/div>\n\t\t\t\t<\/div>\n\t\t","protected":false},"excerpt":{"rendered":"<p>La Ciencia de la Energ\u00e9tica: Una Nueva F\u00edsica Desinvertida Desde el siglo XX, la f\u00edsica se ha basado en dos pilares fundamentales: la Teor\u00eda de la Relatividad de Albert Einstein y la Teor\u00eda Cu\u00e1ntica de Planck, Einstein, Bohr, de Broglie, Schr\u00f6dinger, Heisenberg y otros. En la primera, la masa y la energ\u00eda se relacionan seg\u00fan [&hellip;]<\/p>\n","protected":false},"author":2,"featured_media":8275,"parent":0,"menu_order":0,"comment_status":"closed","ping_status":"closed","template":"elementor_header_footer","meta":{"_exactmetrics_skip_tracking":false,"_exactmetrics_sitenote_active":false,"_exactmetrics_sitenote_note":"","_exactmetrics_sitenote_category":0,"footnotes":""},"class_list":["post-8472","page","type-page","status-publish","has-post-thumbnail","hentry"],"yoast_head":"<!-- This site is optimized with the Yoast SEO plugin v27.4 - https:\/\/yoast.com\/product\/yoast-seo-wordpress\/ -->\n<title>La Ciencia de la Energ\u00e9tica: Una Nueva F\u00edsica Desinvertida - Keppe Motor - Tecnologia para um Novo Mundo<\/title>\n<meta name=\"description\" content=\"Desde el siglo XX, la f\u00edsica se ha basado en dos pilares fundamentales: la Teor\u00edade la Relatividad de Albert Einstein y la Teor\u00eda Cu\u00e1ntica de Planck, Einstein, Bohr,de Broglie, Schr\u00f6dinger, Heisenberg y otros.\" \/>\n<meta name=\"robots\" content=\"index, follow, max-snippet:-1, max-image-preview:large, max-video-preview:-1\" \/>\n<link rel=\"canonical\" href=\"https:\/\/www.keppemotor.com\/institucional\/es\/la-nueva-fisica\/\" \/>\n<meta property=\"og:locale\" content=\"pt_BR\" \/>\n<meta property=\"og:type\" content=\"article\" \/>\n<meta property=\"og:title\" content=\"La Ciencia de la Energ\u00e9tica: Una Nueva F\u00edsica Desinvertida - Keppe Motor - Tecnologia para um Novo Mundo\" \/>\n<meta property=\"og:description\" content=\"Desde el siglo XX, la f\u00edsica se ha basado en dos pilares fundamentales: la Teor\u00edade la Relatividad de Albert Einstein y la Teor\u00eda Cu\u00e1ntica de Planck, Einstein, Bohr,de Broglie, Schr\u00f6dinger, Heisenberg y otros.\" \/>\n<meta property=\"og:url\" content=\"https:\/\/www.keppemotor.com\/institucional\/es\/la-nueva-fisica\/\" \/>\n<meta property=\"og:site_name\" content=\"Keppe Motor - Tecnologia para um Novo Mundo\" \/>\n<meta property=\"article:modified_time\" content=\"2025-08-04T13:19:40+00:00\" \/>\n<meta property=\"og:image\" content=\"https:\/\/www.keppemotor.com\/institucional\/wp-content\/uploads\/2025\/05\/cropped-cropped-keppemotor-logo-header-5.png\" \/>\n\t<meta property=\"og:image:width\" content=\"512\" \/>\n\t<meta property=\"og:image:height\" content=\"512\" \/>\n\t<meta property=\"og:image:type\" content=\"image\/png\" \/>\n<meta name=\"twitter:label1\" content=\"Est. tempo de leitura\" \/>\n\t<meta name=\"twitter:data1\" content=\"8 minutos\" \/>\n<script type=\"application\/ld+json\" class=\"yoast-schema-graph\">{\"@context\":\"https:\\\/\\\/schema.org\",\"@graph\":[{\"@type\":\"WebPage\",\"@id\":\"https:\\\/\\\/www.keppemotor.com\\\/institucional\\\/es\\\/la-nueva-fisica\\\/\",\"url\":\"https:\\\/\\\/www.keppemotor.com\\\/institucional\\\/es\\\/la-nueva-fisica\\\/\",\"name\":\"La Ciencia de la Energ\u00e9tica: Una Nueva F\u00edsica Desinvertida - Keppe Motor - Tecnologia para um Novo Mundo\",\"isPartOf\":{\"@id\":\"https:\\\/\\\/www.keppemotor.com\\\/institucional\\\/#website\"},\"primaryImageOfPage\":{\"@id\":\"https:\\\/\\\/www.keppemotor.com\\\/institucional\\\/es\\\/la-nueva-fisica\\\/#primaryimage\"},\"image\":{\"@id\":\"https:\\\/\\\/www.keppemotor.com\\\/institucional\\\/es\\\/la-nueva-fisica\\\/#primaryimage\"},\"thumbnailUrl\":\"https:\\\/\\\/www.keppemotor.com\\\/institucional\\\/wp-content\\\/uploads\\\/2025\\\/05\\\/cropped-cropped-keppemotor-logo-header-5.png\",\"datePublished\":\"2025-08-04T12:00:21+00:00\",\"dateModified\":\"2025-08-04T13:19:40+00:00\",\"description\":\"Desde el siglo XX, la f\u00edsica se ha basado en dos pilares fundamentales: la Teor\u00edade la Relatividad de Albert Einstein y la Teor\u00eda Cu\u00e1ntica de Planck, Einstein, Bohr,de Broglie, Schr\u00f6dinger, Heisenberg y otros.\",\"breadcrumb\":{\"@id\":\"https:\\\/\\\/www.keppemotor.com\\\/institucional\\\/es\\\/la-nueva-fisica\\\/#breadcrumb\"},\"inLanguage\":\"pt-BR\",\"potentialAction\":[{\"@type\":\"ReadAction\",\"target\":[\"https:\\\/\\\/www.keppemotor.com\\\/institucional\\\/es\\\/la-nueva-fisica\\\/\"]}]},{\"@type\":\"ImageObject\",\"inLanguage\":\"pt-BR\",\"@id\":\"https:\\\/\\\/www.keppemotor.com\\\/institucional\\\/es\\\/la-nueva-fisica\\\/#primaryimage\",\"url\":\"https:\\\/\\\/www.keppemotor.com\\\/institucional\\\/wp-content\\\/uploads\\\/2025\\\/05\\\/cropped-cropped-keppemotor-logo-header-5.png\",\"contentUrl\":\"https:\\\/\\\/www.keppemotor.com\\\/institucional\\\/wp-content\\\/uploads\\\/2025\\\/05\\\/cropped-cropped-keppemotor-logo-header-5.png\",\"width\":512,\"height\":512},{\"@type\":\"BreadcrumbList\",\"@id\":\"https:\\\/\\\/www.keppemotor.com\\\/institucional\\\/es\\\/la-nueva-fisica\\\/#breadcrumb\",\"itemListElement\":[{\"@type\":\"ListItem\",\"position\":1,\"name\":\"In\u00edcio\",\"item\":\"https:\\\/\\\/www.keppemotor.com\\\/institucional\\\/\"},{\"@type\":\"ListItem\",\"position\":2,\"name\":\"La Ciencia de la Energ\u00e9tica: Una Nueva F\u00edsica Desinvertida\"}]},{\"@type\":\"WebSite\",\"@id\":\"https:\\\/\\\/www.keppemotor.com\\\/institucional\\\/#website\",\"url\":\"https:\\\/\\\/www.keppemotor.com\\\/institucional\\\/\",\"name\":\"Keppe Motor - Tecnologia para um Novo Mundo\",\"description\":\"\",\"publisher\":{\"@id\":\"https:\\\/\\\/www.keppemotor.com\\\/institucional\\\/#organization\"},\"potentialAction\":[{\"@type\":\"SearchAction\",\"target\":{\"@type\":\"EntryPoint\",\"urlTemplate\":\"https:\\\/\\\/www.keppemotor.com\\\/institucional\\\/?s={search_term_string}\"},\"query-input\":{\"@type\":\"PropertyValueSpecification\",\"valueRequired\":true,\"valueName\":\"search_term_string\"}}],\"inLanguage\":\"pt-BR\"},{\"@type\":\"Organization\",\"@id\":\"https:\\\/\\\/www.keppemotor.com\\\/institucional\\\/#organization\",\"name\":\"Keppe Motor - Tecnologia para um Novo Mundo\",\"url\":\"https:\\\/\\\/www.keppemotor.com\\\/institucional\\\/\",\"logo\":{\"@type\":\"ImageObject\",\"inLanguage\":\"pt-BR\",\"@id\":\"https:\\\/\\\/www.keppemotor.com\\\/institucional\\\/#\\\/schema\\\/logo\\\/image\\\/\",\"url\":\"https:\\\/\\\/www.keppemotor.com\\\/institucional\\\/wp-content\\\/uploads\\\/2014\\\/11\\\/cropped-keppemotor-logo-header-5.png\",\"contentUrl\":\"https:\\\/\\\/www.keppemotor.com\\\/institucional\\\/wp-content\\\/uploads\\\/2014\\\/11\\\/cropped-keppemotor-logo-header-5.png\",\"width\":300,\"height\":101,\"caption\":\"Keppe Motor - Tecnologia para um Novo Mundo\"},\"image\":{\"@id\":\"https:\\\/\\\/www.keppemotor.com\\\/institucional\\\/#\\\/schema\\\/logo\\\/image\\\/\"}}]}<\/script>\n<!-- \/ Yoast SEO plugin. -->","yoast_head_json":{"title":"La Ciencia de la Energ\u00e9tica: Una Nueva F\u00edsica Desinvertida - Keppe Motor - Tecnologia para um Novo Mundo","description":"Desde el siglo XX, la f\u00edsica se ha basado en dos pilares fundamentales: la Teor\u00edade la Relatividad de Albert Einstein y la Teor\u00eda Cu\u00e1ntica de Planck, Einstein, Bohr,de Broglie, Schr\u00f6dinger, Heisenberg y otros.","robots":{"index":"index","follow":"follow","max-snippet":"max-snippet:-1","max-image-preview":"max-image-preview:large","max-video-preview":"max-video-preview:-1"},"canonical":"https:\/\/www.keppemotor.com\/institucional\/es\/la-nueva-fisica\/","og_locale":"pt_BR","og_type":"article","og_title":"La Ciencia de la Energ\u00e9tica: Una Nueva F\u00edsica Desinvertida - Keppe Motor - Tecnologia para um Novo Mundo","og_description":"Desde el siglo XX, la f\u00edsica se ha basado en dos pilares fundamentales: la Teor\u00edade la Relatividad de Albert Einstein y la Teor\u00eda Cu\u00e1ntica de Planck, Einstein, Bohr,de Broglie, Schr\u00f6dinger, Heisenberg y otros.","og_url":"https:\/\/www.keppemotor.com\/institucional\/es\/la-nueva-fisica\/","og_site_name":"Keppe Motor - Tecnologia para um Novo Mundo","article_modified_time":"2025-08-04T13:19:40+00:00","og_image":[{"width":512,"height":512,"url":"https:\/\/www.keppemotor.com\/institucional\/wp-content\/uploads\/2025\/05\/cropped-cropped-keppemotor-logo-header-5.png","type":"image\/png"}],"twitter_misc":{"Est. tempo de leitura":"8 minutos"},"schema":{"@context":"https:\/\/schema.org","@graph":[{"@type":"WebPage","@id":"https:\/\/www.keppemotor.com\/institucional\/es\/la-nueva-fisica\/","url":"https:\/\/www.keppemotor.com\/institucional\/es\/la-nueva-fisica\/","name":"La Ciencia de la Energ\u00e9tica: Una Nueva F\u00edsica Desinvertida - Keppe Motor - Tecnologia para um Novo Mundo","isPartOf":{"@id":"https:\/\/www.keppemotor.com\/institucional\/#website"},"primaryImageOfPage":{"@id":"https:\/\/www.keppemotor.com\/institucional\/es\/la-nueva-fisica\/#primaryimage"},"image":{"@id":"https:\/\/www.keppemotor.com\/institucional\/es\/la-nueva-fisica\/#primaryimage"},"thumbnailUrl":"https:\/\/www.keppemotor.com\/institucional\/wp-content\/uploads\/2025\/05\/cropped-cropped-keppemotor-logo-header-5.png","datePublished":"2025-08-04T12:00:21+00:00","dateModified":"2025-08-04T13:19:40+00:00","description":"Desde el siglo XX, la f\u00edsica se ha basado en dos pilares fundamentales: la Teor\u00edade la Relatividad de Albert Einstein y la Teor\u00eda Cu\u00e1ntica de Planck, Einstein, Bohr,de Broglie, Schr\u00f6dinger, Heisenberg y otros.","breadcrumb":{"@id":"https:\/\/www.keppemotor.com\/institucional\/es\/la-nueva-fisica\/#breadcrumb"},"inLanguage":"pt-BR","potentialAction":[{"@type":"ReadAction","target":["https:\/\/www.keppemotor.com\/institucional\/es\/la-nueva-fisica\/"]}]},{"@type":"ImageObject","inLanguage":"pt-BR","@id":"https:\/\/www.keppemotor.com\/institucional\/es\/la-nueva-fisica\/#primaryimage","url":"https:\/\/www.keppemotor.com\/institucional\/wp-content\/uploads\/2025\/05\/cropped-cropped-keppemotor-logo-header-5.png","contentUrl":"https:\/\/www.keppemotor.com\/institucional\/wp-content\/uploads\/2025\/05\/cropped-cropped-keppemotor-logo-header-5.png","width":512,"height":512},{"@type":"BreadcrumbList","@id":"https:\/\/www.keppemotor.com\/institucional\/es\/la-nueva-fisica\/#breadcrumb","itemListElement":[{"@type":"ListItem","position":1,"name":"In\u00edcio","item":"https:\/\/www.keppemotor.com\/institucional\/"},{"@type":"ListItem","position":2,"name":"La Ciencia de la Energ\u00e9tica: Una Nueva F\u00edsica Desinvertida"}]},{"@type":"WebSite","@id":"https:\/\/www.keppemotor.com\/institucional\/#website","url":"https:\/\/www.keppemotor.com\/institucional\/","name":"Keppe Motor - Tecnologia para um Novo Mundo","description":"","publisher":{"@id":"https:\/\/www.keppemotor.com\/institucional\/#organization"},"potentialAction":[{"@type":"SearchAction","target":{"@type":"EntryPoint","urlTemplate":"https:\/\/www.keppemotor.com\/institucional\/?s={search_term_string}"},"query-input":{"@type":"PropertyValueSpecification","valueRequired":true,"valueName":"search_term_string"}}],"inLanguage":"pt-BR"},{"@type":"Organization","@id":"https:\/\/www.keppemotor.com\/institucional\/#organization","name":"Keppe Motor - Tecnologia para um Novo Mundo","url":"https:\/\/www.keppemotor.com\/institucional\/","logo":{"@type":"ImageObject","inLanguage":"pt-BR","@id":"https:\/\/www.keppemotor.com\/institucional\/#\/schema\/logo\/image\/","url":"https:\/\/www.keppemotor.com\/institucional\/wp-content\/uploads\/2014\/11\/cropped-keppemotor-logo-header-5.png","contentUrl":"https:\/\/www.keppemotor.com\/institucional\/wp-content\/uploads\/2014\/11\/cropped-keppemotor-logo-header-5.png","width":300,"height":101,"caption":"Keppe Motor - Tecnologia para um Novo Mundo"},"image":{"@id":"https:\/\/www.keppemotor.com\/institucional\/#\/schema\/logo\/image\/"}}]}},"_links":{"self":[{"href":"https:\/\/www.keppemotor.com\/institucional\/wp-json\/wp\/v2\/pages\/8472","targetHints":{"allow":["GET"]}}],"collection":[{"href":"https:\/\/www.keppemotor.com\/institucional\/wp-json\/wp\/v2\/pages"}],"about":[{"href":"https:\/\/www.keppemotor.com\/institucional\/wp-json\/wp\/v2\/types\/page"}],"author":[{"embeddable":true,"href":"https:\/\/www.keppemotor.com\/institucional\/wp-json\/wp\/v2\/users\/2"}],"replies":[{"embeddable":true,"href":"https:\/\/www.keppemotor.com\/institucional\/wp-json\/wp\/v2\/comments?post=8472"}],"version-history":[{"count":8,"href":"https:\/\/www.keppemotor.com\/institucional\/wp-json\/wp\/v2\/pages\/8472\/revisions"}],"predecessor-version":[{"id":8483,"href":"https:\/\/www.keppemotor.com\/institucional\/wp-json\/wp\/v2\/pages\/8472\/revisions\/8483"}],"wp:featuredmedia":[{"embeddable":true,"href":"https:\/\/www.keppemotor.com\/institucional\/wp-json\/wp\/v2\/media\/8275"}],"wp:attachment":[{"href":"https:\/\/www.keppemotor.com\/institucional\/wp-json\/wp\/v2\/media?parent=8472"}],"curies":[{"name":"wp","href":"https:\/\/api.w.org\/{rel}","templated":true}]}}