{"id":8531,"date":"2025-08-04T14:47:44","date_gmt":"2025-08-04T14:47:44","guid":{"rendered":"https:\/\/www.keppemotor.com\/institucional\/?page_id=8531"},"modified":"2025-08-04T18:42:56","modified_gmt":"2025-08-04T18:42:56","slug":"ventajas-del-motor-keppe","status":"publish","type":"page","link":"https:\/\/www.keppemotor.com\/institucional\/es\/ventajas-del-motor-keppe\/","title":{"rendered":"Ventajas del Motor Keppe"},"content":{"rendered":"\t\t<div data-elementor-type=\"wp-page\" data-elementor-id=\"8531\" class=\"elementor elementor-8531\" data-elementor-post-type=\"page\">\n\t\t\t\t<div class=\"elementor-element elementor-element-9422455 e-flex e-con-boxed e-con e-parent\" data-id=\"9422455\" data-element_type=\"container\" data-e-type=\"container\">\n\t\t\t\t\t<div class=\"e-con-inner\">\n\t\t\t\t<div class=\"elementor-element elementor-element-6d8a464 elementor-widget elementor-widget-spacer\" data-id=\"6d8a464\" data-element_type=\"widget\" data-e-type=\"widget\" data-widget_type=\"spacer.default\">\n\t\t\t\t<div class=\"elementor-widget-container\">\n\t\t\t\t\t\t\t<div class=\"elementor-spacer\">\n\t\t\t<div class=\"elementor-spacer-inner\"><\/div>\n\t\t<\/div>\n\t\t\t\t\t\t<\/div>\n\t\t\t\t<\/div>\n\t\t\t\t<div class=\"elementor-element elementor-element-946a047 elementor-widget elementor-widget-heading\" data-id=\"946a047\" data-element_type=\"widget\" data-e-type=\"widget\" data-widget_type=\"heading.default\">\n\t\t\t\t<div class=\"elementor-widget-container\">\n\t\t\t\t\t<h1 class=\"elementor-heading-title elementor-size-default\">Ventajas del Motor Keppe<\/h1>\t\t\t\t<\/div>\n\t\t\t\t<\/div>\n\t\t\t\t<div class=\"elementor-element elementor-element-6ee204ad elementor-widget elementor-widget-text-editor\" data-id=\"6ee204ad\" data-element_type=\"widget\" data-e-type=\"widget\" data-widget_type=\"text-editor.default\">\n\t\t\t\t<div class=\"elementor-widget-container\">\n\t\t\t\t\t\t\t\t\t<p><strong>Para la industria:<\/strong> Representa una mejora tecnol\u00f3gica en todas las l\u00edneas de productos, adem\u00e1s de permitir soluciones que antes eran imposibles debido a las limitaciones de las tecnolog\u00edas de motores actuales.<\/p><p><strong>Para las distribuidoras de energ\u00eda:<\/strong> Brasil pierde m\u00e1s del 15% de la energ\u00eda transmitida desde las centrales generadoras hasta los consumidores.<\/p><p>Esta cifra es extremadamente alta en comparaci\u00f3n con pa\u00edses desarrollados, como Suiza, que pierde menos del 3%. Por lo tanto, la reducci\u00f3n en el consumo energ\u00e9tico derivada de la adopci\u00f3n del Motor Keppe reducir\u00eda esta p\u00e9rdida, lo cual ser\u00eda de enorme valor para las distribuidoras, que podr\u00edan utilizar estos recursos ahorrados para atender a m\u00e1s consumidores sin necesidad de invertir en nuevas l\u00edneas de transmisi\u00f3n.<\/p><p>Adem\u00e1s, cualquier acci\u00f3n que reduzca el consumo de energ\u00eda conlleva el beneficio inmediato de una inversi\u00f3n a largo plazo para satisfacer las necesidades de los consumidores. Esto significa que la misma estructura de transmisi\u00f3n de energ\u00eda el\u00e9ctrica puede atender a un mayor n\u00famero de usuarios.<\/p><p><strong>Para las entidades educativas y profesionales:<\/strong> Capacitar a investigadores en el desarrollo de productos enfocados en la eficiencia energ\u00e9tica, as\u00ed como abrir nuevas l\u00edneas de investigaci\u00f3n y profundizar en la tecnolog\u00eda de motores resonantes, incluyendo el desarrollo de modelos matem\u00e1ticos, nuevas aplicaciones y el desarrollo del principio de funcionamiento del Motor Keppe para su aplicaci\u00f3n en otras \u00e1reas.<br \/>Para el consumidor final: Facilitar el uso de electrodom\u00e9sticos con tecnolog\u00eda de Keppe Motor, alimentados por la red el\u00e9ctrica o por fuentes de energ\u00eda alternativas (paneles fotovoltaicos, e\u00f3lica, biomasa), reduciendo dr\u00e1sticamente las facturas de energ\u00eda.<\/p><p><strong>Para el pa\u00eds:<\/strong> Contar con productos con tecnolog\u00eda innovadora de dise\u00f1o nacional, capacitando la industria interna para competir en el mercado mundial y aumentar el desarrollo tecnol\u00f3gico nacional, generando empleos m\u00e1s cualificados.<\/p><p><strong>El mismo motor sirve para una gama m\u00e1s amplia de productos<\/strong>: El rango de funcionamiento continuo del Keppe Motor es mayor que el de los motores convencionales equivalentes, lo que permite ampliar su uso para cubrir una gama mayor de aplicaciones. As\u00ed, por ejemplo, un prototipo de laboratorio de un motor Keppe monof\u00e1sico de 1\/2 HP mantuvo una alta eficiencia de alrededor del 90 %, desde 1 W hasta 400 W (potencia \u00fatil). Esto significa que el motor puede utilizarse en cualquier punto de esta curva de potencia, ya que siempre ofrecer\u00e1 la alta eficiencia deseada.<\/p><p><strong>Gran versatilidad<\/strong>: El motor Keppe puede sustituir a motores convencionales de diferentes tipos, ya que la tecnolog\u00eda de motores resonantes permite la transici\u00f3n entre motores de CA y CC, y puede sustituirlos en sus aplicaciones. En otras palabras, un motor Keppe funciona bien con bater\u00edas, t\u00edpicas de los motores de CC, y con la red el\u00e9ctrica, t\u00edpica de los motores de CA.<\/p><p><strong>Mayor potencia espec\u00edfica<\/strong>: Una mayor eficiencia, combinada con un menor volumen, garantiza un motor Keppe m\u00e1s ligero, compacto y potente, lo que permite el desarrollo de nuevos productos impulsados por sistemas aut\u00f3nomos, como por ejemplo, cortac\u00e9spedes para plazas p\u00fablicas, jardines y carreteras, adem\u00e1s de aumentar la autonom\u00eda de productos existentes, como los drones.<\/p><p><strong>F\u00e1cil regulaci\u00f3n de velocidad<\/strong>: Los inversores utilizados para variar la velocidad de los motores de CA convencionales presentan p\u00e9rdidas que pueden alcanzar hasta el 25 %, lo que afecta significativamente la eficiencia general del sistema de alimentaci\u00f3n del motor. En este sentido, el motor Keppe, similar a un BLDC, var\u00eda su velocidad con el simple uso de un m\u00f3dulo PWM, disponible en el microcontrolador de su circuito de control, lo que garantiza la eficiencia en las diversas combinaciones de velocidad y torque que requiere la carga.<\/p><p><strong>Bajo consumo de operaci\u00f3n sin carga<\/strong>: Soluci\u00f3n de eficiencia optimizada para aplicaciones de carga intermitente donde el motor no puede desconectarse al retirar la carga.<\/p><p><strong>Principio de Resonancia Electro magneto mec\u00e1nica<\/strong>: Un motor est\u00e1 dise\u00f1ado para funcionar seg\u00fan la resonancia, lo que garantiza la m\u00e1xima eficiencia de un sistema oscilatorio o rotatorio equivalente. En este estado, el sistema f\u00edsico ofrece la m\u00e1xima amplitud, lo que en el motor se corresponde con un mayor trabajo mec\u00e1nico con un m\u00ednimo consumo de energ\u00eda, optimizando autom\u00e1ticamente su eficiencia.<\/p><p><strong>Permite estatores sin n\u00facleo ferromagn\u00e9tico<\/strong>: La mayor eficiencia de un motor Keppe gracias a la resonancia permite la viabilidad de motores sin estator ferromagn\u00e9tico, eliminando las p\u00e9rdidas por hist\u00e9resis y corrientes par\u00e1sitas, adem\u00e1s de facilitar significativamente la producci\u00f3n de estos motores para numerosos productos.<\/p><p><strong>Motor m\u00e1s fr\u00edo<\/strong>: Puede fabricarse con materiales menos resistentes al calor, lo que aumenta considerablemente la gama de pl\u00e1sticos opcionales para reducir los costos de fabricaci\u00f3n.<\/p><p><strong>Mayor durabilidad<\/strong>: Uno de los principales problemas que causa fallos en los motores es la temperatura de funcionamiento de las bobinas. La alta eficiencia del motor Keppe permite que el motor funcione a temperaturas muy cercanas a la temperatura ambiente, lo que garantiza una mayor vida \u00fatil.<\/p><p><strong>Puede ser encapsulado<\/strong>: En un motor Keppe de baja potencia (1\/3 HP) y alta eficiencia, las p\u00e9rdidas de calor son despreciables, por lo que puede ser completamente encapsulado para cumplir con una gama muy amplia de aplicaciones donde entornos severos con aparici\u00f3n de material particulado en grandes cantidades, ambientes qu\u00edmicos corrosivos, aire marino o incluso salpicaduras de agua o l\u00edquidos diversos comprometan la durabilidad del motor.<\/p><p><strong>La mejor opci\u00f3n para regiones inh\u00f3spitas<\/strong>: En muchas regiones de Brasil (y del mundo), el suministro el\u00e9ctrico no es constante, con grandes variaciones de voltaje a lo largo del d\u00eda. Adem\u00e1s, el voltaje recibido de la red el\u00e9ctrica puede no cumplir con el m\u00ednimo esperado para las caracter\u00edsticas t\u00e9cnicas de un motor convencional, con voltajes de red de alrededor de 80\/90 V. El motor Keppe se puede dimensionar f\u00e1cilmente para incorporar una funci\u00f3n autom\u00e1tica de reducci\u00f3n de voltaje en su propio circuito y operar incluso por debajo de estos voltajes m\u00ednimos, manteniendo su eficiencia y operando con normalidad como si recibiera 110 o 220 V de la red el\u00e9ctrica.<\/p><p><strong>Optimiza el uso de la bater\u00eda<\/strong>: Garantiza una mayor vida \u00fatil de la bater\u00eda.<\/p><p><strong>Reduce los costos de instalaci\u00f3n fotovoltaica<\/strong>: Adem\u00e1s de eliminar la necesidad de inversores, el motor Keppe consume menos energ\u00eda para producir la misma potencia que un motor convencional equivalente, lo que significa que puede funcionar con paneles solares de menor potencia, que son m\u00e1s peque\u00f1os y econ\u00f3micos.<\/p><p><strong>Utiliza cableado m\u00e1s delgado<\/strong>: Una mayor eficiencia se traduce en un menor consumo y una menor intensidad de corriente a trav\u00e9s de los cables de alimentaci\u00f3n del motor. Esto genera mayor ahorro y seguridad, especialmente en motores auxiliares de los sectores automotriz, n\u00e1utico y aeron\u00e1utico.<\/p><p><strong>Velocidad independiente del n\u00famero de polos<\/strong>: El n\u00famero de polos indica el torque de trabajo disponible, y dado que el motor Keppe var\u00eda su velocidad \u00fanicamente con el voltaje, los motores con pocos o muchos polos pueden funcionar igualmente a cualquier velocidad.<\/p><p><strong>Funciona con diversos materiales esenciales<\/strong>: imanes (ferrita, neodimio, alnico, samario-cobalto, etc.) y bobinados de cobre, aluminio o una combinaci\u00f3n de ellos.<\/p><p><strong>Numerosas configuraciones posibles<\/strong>: El principio del motor Keppe permite una amplia variedad de dise\u00f1os de rotor y estator: 1) bipolar, multipolar o matricial; 2) con flujo magn\u00e9tico radial, axial o mixto; 3) con bobinas en serie, en paralelo o mixtas; 4) con bobinas simples de un solo cable, bi-cable o poli-cable; 5) con bobinas MONO f\u00e1sicas o independientes (BIMONO y TRIMONO); 6) con o sin estator ferromagn\u00e9tico, etc.<\/p><p><strong>Motor universal<\/strong>: Dado que el motor Keppe requiere menos potencia para realizar el mismo trabajo y su rotaci\u00f3n es independiente de la red el\u00e9ctrica, el circuito se simplifica y resulta m\u00e1s econ\u00f3mico para electrodom\u00e9sticos de doble voltaje o aquellos que necesitan funcionar a 110\/220 V, 50\/60 Hz.<\/p><p><strong>Motor modular<\/strong>: Un motor Keppe puede combinarse con otros motores Keppe para aumentar la potencia sin perder eficiencia.ci\u00eancia.<\/p>\t\t\t\t\t\t\t\t<\/div>\n\t\t\t\t<\/div>\n\t\t\t\t<div class=\"elementor-element elementor-element-1458e1a elementor-widget elementor-widget-spacer\" data-id=\"1458e1a\" data-element_type=\"widget\" data-e-type=\"widget\" data-widget_type=\"spacer.default\">\n\t\t\t\t<div class=\"elementor-widget-container\">\n\t\t\t\t\t\t\t<div class=\"elementor-spacer\">\n\t\t\t<div class=\"elementor-spacer-inner\"><\/div>\n\t\t<\/div>\n\t\t\t\t\t\t<\/div>\n\t\t\t\t<\/div>\n\t\t\t\t\t<\/div>\n\t\t\t\t<\/div>\n\t\t\t\t<\/div>\n\t\t","protected":false},"excerpt":{"rendered":"<p>Ventajas del Motor Keppe Para la industria: Representa una mejora tecnol\u00f3gica en todas las l\u00edneas de productos, adem\u00e1s de permitir soluciones que antes eran imposibles debido a las limitaciones de las tecnolog\u00edas de motores actuales. Para las distribuidoras de energ\u00eda: Brasil pierde m\u00e1s del 15% de la energ\u00eda transmitida desde las centrales generadoras hasta los [&hellip;]<\/p>\n","protected":false},"author":2,"featured_media":8151,"parent":0,"menu_order":0,"comment_status":"closed","ping_status":"closed","template":"elementor_header_footer","meta":{"_exactmetrics_skip_tracking":false,"_exactmetrics_sitenote_active":false,"_exactmetrics_sitenote_note":"","_exactmetrics_sitenote_category":0,"footnotes":""},"class_list":["post-8531","page","type-page","status-publish","has-post-thumbnail","hentry"],"yoast_head":"<!-- This site is optimized with the Yoast SEO plugin v27.4 - https:\/\/yoast.com\/product\/yoast-seo-wordpress\/ -->\n<title>Ventajas del Motor Keppe - Keppe Motor - Tecnologia para um Novo Mundo<\/title>\n<meta name=\"description\" content=\"VENTAJAS DEL MOTOR KEPPE: Para la industria: Representa una mejora tecnol\u00f3gica en todas las l\u00edneas de productos, adem\u00e1s de permitir soluciones que antes eran imposibles debido a las limitaciones de las tecnolog\u00edas de motores actuales\" \/>\n<meta name=\"robots\" content=\"index, follow, max-snippet:-1, max-image-preview:large, max-video-preview:-1\" \/>\n<link rel=\"canonical\" href=\"https:\/\/www.keppemotor.com\/institucional\/es\/ventajas-del-motor-keppe\/\" \/>\n<meta property=\"og:locale\" content=\"pt_BR\" \/>\n<meta property=\"og:type\" content=\"article\" \/>\n<meta property=\"og:title\" content=\"Ventajas del Motor Keppe - Keppe Motor - Tecnologia para um Novo Mundo\" \/>\n<meta property=\"og:description\" content=\"VENTAJAS DEL MOTOR KEPPE: Para la industria: Representa una mejora tecnol\u00f3gica en todas las l\u00edneas de productos, adem\u00e1s de permitir soluciones que antes eran imposibles debido a las limitaciones de las tecnolog\u00edas de motores actuales\" \/>\n<meta property=\"og:url\" content=\"https:\/\/www.keppemotor.com\/institucional\/es\/ventajas-del-motor-keppe\/\" \/>\n<meta property=\"og:site_name\" content=\"Keppe Motor - Tecnologia para um Novo Mundo\" \/>\n<meta property=\"article:modified_time\" content=\"2025-08-04T18:42:56+00:00\" \/>\n<meta property=\"og:image\" content=\"https:\/\/www.keppemotor.com\/institucional\/wp-content\/uploads\/2014\/11\/cropped-cropped-keppemotor-logo-header-5.png\" \/>\n\t<meta property=\"og:image:width\" content=\"512\" \/>\n\t<meta property=\"og:image:height\" content=\"512\" \/>\n\t<meta property=\"og:image:type\" content=\"image\/png\" \/>\n<meta name=\"twitter:label1\" content=\"Est. tempo de leitura\" \/>\n\t<meta name=\"twitter:data1\" content=\"7 minutos\" \/>\n<script type=\"application\/ld+json\" class=\"yoast-schema-graph\">{\"@context\":\"https:\\\/\\\/schema.org\",\"@graph\":[{\"@type\":\"WebPage\",\"@id\":\"https:\\\/\\\/www.keppemotor.com\\\/institucional\\\/es\\\/ventajas-del-motor-keppe\\\/\",\"url\":\"https:\\\/\\\/www.keppemotor.com\\\/institucional\\\/es\\\/ventajas-del-motor-keppe\\\/\",\"name\":\"Ventajas del Motor Keppe - Keppe Motor - Tecnologia para um Novo Mundo\",\"isPartOf\":{\"@id\":\"https:\\\/\\\/www.keppemotor.com\\\/institucional\\\/#website\"},\"primaryImageOfPage\":{\"@id\":\"https:\\\/\\\/www.keppemotor.com\\\/institucional\\\/es\\\/ventajas-del-motor-keppe\\\/#primaryimage\"},\"image\":{\"@id\":\"https:\\\/\\\/www.keppemotor.com\\\/institucional\\\/es\\\/ventajas-del-motor-keppe\\\/#primaryimage\"},\"thumbnailUrl\":\"https:\\\/\\\/www.keppemotor.com\\\/institucional\\\/wp-content\\\/uploads\\\/2014\\\/11\\\/cropped-cropped-keppemotor-logo-header-5.png\",\"datePublished\":\"2025-08-04T14:47:44+00:00\",\"dateModified\":\"2025-08-04T18:42:56+00:00\",\"description\":\"VENTAJAS DEL MOTOR KEPPE: Para la industria: Representa una mejora tecnol\u00f3gica en todas las l\u00edneas de productos, adem\u00e1s de permitir soluciones que antes eran imposibles debido a las limitaciones de las tecnolog\u00edas de motores actuales\",\"breadcrumb\":{\"@id\":\"https:\\\/\\\/www.keppemotor.com\\\/institucional\\\/es\\\/ventajas-del-motor-keppe\\\/#breadcrumb\"},\"inLanguage\":\"pt-BR\",\"potentialAction\":[{\"@type\":\"ReadAction\",\"target\":[\"https:\\\/\\\/www.keppemotor.com\\\/institucional\\\/es\\\/ventajas-del-motor-keppe\\\/\"]}]},{\"@type\":\"ImageObject\",\"inLanguage\":\"pt-BR\",\"@id\":\"https:\\\/\\\/www.keppemotor.com\\\/institucional\\\/es\\\/ventajas-del-motor-keppe\\\/#primaryimage\",\"url\":\"https:\\\/\\\/www.keppemotor.com\\\/institucional\\\/wp-content\\\/uploads\\\/2014\\\/11\\\/cropped-cropped-keppemotor-logo-header-5.png\",\"contentUrl\":\"https:\\\/\\\/www.keppemotor.com\\\/institucional\\\/wp-content\\\/uploads\\\/2014\\\/11\\\/cropped-cropped-keppemotor-logo-header-5.png\",\"width\":512,\"height\":512},{\"@type\":\"BreadcrumbList\",\"@id\":\"https:\\\/\\\/www.keppemotor.com\\\/institucional\\\/es\\\/ventajas-del-motor-keppe\\\/#breadcrumb\",\"itemListElement\":[{\"@type\":\"ListItem\",\"position\":1,\"name\":\"In\u00edcio\",\"item\":\"https:\\\/\\\/www.keppemotor.com\\\/institucional\\\/\"},{\"@type\":\"ListItem\",\"position\":2,\"name\":\"Ventajas del Motor Keppe\"}]},{\"@type\":\"WebSite\",\"@id\":\"https:\\\/\\\/www.keppemotor.com\\\/institucional\\\/#website\",\"url\":\"https:\\\/\\\/www.keppemotor.com\\\/institucional\\\/\",\"name\":\"Keppe Motor - Tecnologia para um Novo Mundo\",\"description\":\"\",\"publisher\":{\"@id\":\"https:\\\/\\\/www.keppemotor.com\\\/institucional\\\/#organization\"},\"potentialAction\":[{\"@type\":\"SearchAction\",\"target\":{\"@type\":\"EntryPoint\",\"urlTemplate\":\"https:\\\/\\\/www.keppemotor.com\\\/institucional\\\/?s={search_term_string}\"},\"query-input\":{\"@type\":\"PropertyValueSpecification\",\"valueRequired\":true,\"valueName\":\"search_term_string\"}}],\"inLanguage\":\"pt-BR\"},{\"@type\":\"Organization\",\"@id\":\"https:\\\/\\\/www.keppemotor.com\\\/institucional\\\/#organization\",\"name\":\"Keppe Motor - Tecnologia para um Novo Mundo\",\"url\":\"https:\\\/\\\/www.keppemotor.com\\\/institucional\\\/\",\"logo\":{\"@type\":\"ImageObject\",\"inLanguage\":\"pt-BR\",\"@id\":\"https:\\\/\\\/www.keppemotor.com\\\/institucional\\\/#\\\/schema\\\/logo\\\/image\\\/\",\"url\":\"https:\\\/\\\/www.keppemotor.com\\\/institucional\\\/wp-content\\\/uploads\\\/2014\\\/11\\\/cropped-keppemotor-logo-header-5.png\",\"contentUrl\":\"https:\\\/\\\/www.keppemotor.com\\\/institucional\\\/wp-content\\\/uploads\\\/2014\\\/11\\\/cropped-keppemotor-logo-header-5.png\",\"width\":300,\"height\":101,\"caption\":\"Keppe Motor - Tecnologia para um Novo Mundo\"},\"image\":{\"@id\":\"https:\\\/\\\/www.keppemotor.com\\\/institucional\\\/#\\\/schema\\\/logo\\\/image\\\/\"}}]}<\/script>\n<!-- \/ Yoast SEO plugin. -->","yoast_head_json":{"title":"Ventajas del Motor Keppe - Keppe Motor - Tecnologia para um Novo Mundo","description":"VENTAJAS DEL MOTOR KEPPE: Para la industria: Representa una mejora tecnol\u00f3gica en todas las l\u00edneas de productos, adem\u00e1s de permitir soluciones que antes eran imposibles debido a las limitaciones de las tecnolog\u00edas de motores actuales","robots":{"index":"index","follow":"follow","max-snippet":"max-snippet:-1","max-image-preview":"max-image-preview:large","max-video-preview":"max-video-preview:-1"},"canonical":"https:\/\/www.keppemotor.com\/institucional\/es\/ventajas-del-motor-keppe\/","og_locale":"pt_BR","og_type":"article","og_title":"Ventajas del Motor Keppe - Keppe Motor - Tecnologia para um Novo Mundo","og_description":"VENTAJAS DEL MOTOR KEPPE: Para la industria: Representa una mejora tecnol\u00f3gica en todas las l\u00edneas de productos, adem\u00e1s de permitir soluciones que antes eran imposibles debido a las limitaciones de las tecnolog\u00edas de motores actuales","og_url":"https:\/\/www.keppemotor.com\/institucional\/es\/ventajas-del-motor-keppe\/","og_site_name":"Keppe Motor - Tecnologia para um Novo Mundo","article_modified_time":"2025-08-04T18:42:56+00:00","og_image":[{"width":512,"height":512,"url":"https:\/\/www.keppemotor.com\/institucional\/wp-content\/uploads\/2014\/11\/cropped-cropped-keppemotor-logo-header-5.png","type":"image\/png"}],"twitter_misc":{"Est. tempo de leitura":"7 minutos"},"schema":{"@context":"https:\/\/schema.org","@graph":[{"@type":"WebPage","@id":"https:\/\/www.keppemotor.com\/institucional\/es\/ventajas-del-motor-keppe\/","url":"https:\/\/www.keppemotor.com\/institucional\/es\/ventajas-del-motor-keppe\/","name":"Ventajas del Motor Keppe - Keppe Motor - Tecnologia para um Novo Mundo","isPartOf":{"@id":"https:\/\/www.keppemotor.com\/institucional\/#website"},"primaryImageOfPage":{"@id":"https:\/\/www.keppemotor.com\/institucional\/es\/ventajas-del-motor-keppe\/#primaryimage"},"image":{"@id":"https:\/\/www.keppemotor.com\/institucional\/es\/ventajas-del-motor-keppe\/#primaryimage"},"thumbnailUrl":"https:\/\/www.keppemotor.com\/institucional\/wp-content\/uploads\/2014\/11\/cropped-cropped-keppemotor-logo-header-5.png","datePublished":"2025-08-04T14:47:44+00:00","dateModified":"2025-08-04T18:42:56+00:00","description":"VENTAJAS DEL MOTOR KEPPE: Para la industria: Representa una mejora tecnol\u00f3gica en todas las l\u00edneas de productos, adem\u00e1s de permitir soluciones que antes eran imposibles debido a las limitaciones de las tecnolog\u00edas de motores actuales","breadcrumb":{"@id":"https:\/\/www.keppemotor.com\/institucional\/es\/ventajas-del-motor-keppe\/#breadcrumb"},"inLanguage":"pt-BR","potentialAction":[{"@type":"ReadAction","target":["https:\/\/www.keppemotor.com\/institucional\/es\/ventajas-del-motor-keppe\/"]}]},{"@type":"ImageObject","inLanguage":"pt-BR","@id":"https:\/\/www.keppemotor.com\/institucional\/es\/ventajas-del-motor-keppe\/#primaryimage","url":"https:\/\/www.keppemotor.com\/institucional\/wp-content\/uploads\/2014\/11\/cropped-cropped-keppemotor-logo-header-5.png","contentUrl":"https:\/\/www.keppemotor.com\/institucional\/wp-content\/uploads\/2014\/11\/cropped-cropped-keppemotor-logo-header-5.png","width":512,"height":512},{"@type":"BreadcrumbList","@id":"https:\/\/www.keppemotor.com\/institucional\/es\/ventajas-del-motor-keppe\/#breadcrumb","itemListElement":[{"@type":"ListItem","position":1,"name":"In\u00edcio","item":"https:\/\/www.keppemotor.com\/institucional\/"},{"@type":"ListItem","position":2,"name":"Ventajas del Motor Keppe"}]},{"@type":"WebSite","@id":"https:\/\/www.keppemotor.com\/institucional\/#website","url":"https:\/\/www.keppemotor.com\/institucional\/","name":"Keppe Motor - Tecnologia para um Novo Mundo","description":"","publisher":{"@id":"https:\/\/www.keppemotor.com\/institucional\/#organization"},"potentialAction":[{"@type":"SearchAction","target":{"@type":"EntryPoint","urlTemplate":"https:\/\/www.keppemotor.com\/institucional\/?s={search_term_string}"},"query-input":{"@type":"PropertyValueSpecification","valueRequired":true,"valueName":"search_term_string"}}],"inLanguage":"pt-BR"},{"@type":"Organization","@id":"https:\/\/www.keppemotor.com\/institucional\/#organization","name":"Keppe Motor - Tecnologia para um Novo Mundo","url":"https:\/\/www.keppemotor.com\/institucional\/","logo":{"@type":"ImageObject","inLanguage":"pt-BR","@id":"https:\/\/www.keppemotor.com\/institucional\/#\/schema\/logo\/image\/","url":"https:\/\/www.keppemotor.com\/institucional\/wp-content\/uploads\/2014\/11\/cropped-keppemotor-logo-header-5.png","contentUrl":"https:\/\/www.keppemotor.com\/institucional\/wp-content\/uploads\/2014\/11\/cropped-keppemotor-logo-header-5.png","width":300,"height":101,"caption":"Keppe Motor - Tecnologia para um Novo Mundo"},"image":{"@id":"https:\/\/www.keppemotor.com\/institucional\/#\/schema\/logo\/image\/"}}]}},"_links":{"self":[{"href":"https:\/\/www.keppemotor.com\/institucional\/wp-json\/wp\/v2\/pages\/8531","targetHints":{"allow":["GET"]}}],"collection":[{"href":"https:\/\/www.keppemotor.com\/institucional\/wp-json\/wp\/v2\/pages"}],"about":[{"href":"https:\/\/www.keppemotor.com\/institucional\/wp-json\/wp\/v2\/types\/page"}],"author":[{"embeddable":true,"href":"https:\/\/www.keppemotor.com\/institucional\/wp-json\/wp\/v2\/users\/2"}],"replies":[{"embeddable":true,"href":"https:\/\/www.keppemotor.com\/institucional\/wp-json\/wp\/v2\/comments?post=8531"}],"version-history":[{"count":19,"href":"https:\/\/www.keppemotor.com\/institucional\/wp-json\/wp\/v2\/pages\/8531\/revisions"}],"predecessor-version":[{"id":8553,"href":"https:\/\/www.keppemotor.com\/institucional\/wp-json\/wp\/v2\/pages\/8531\/revisions\/8553"}],"wp:featuredmedia":[{"embeddable":true,"href":"https:\/\/www.keppemotor.com\/institucional\/wp-json\/wp\/v2\/media\/8151"}],"wp:attachment":[{"href":"https:\/\/www.keppemotor.com\/institucional\/wp-json\/wp\/v2\/media?parent=8531"}],"curies":[{"name":"wp","href":"https:\/\/api.w.org\/{rel}","templated":true}]}}